CRAN Package Check Results for Package neonUtilities

Last updated on 2021-06-25 08:50:07 CEST.

Flavor Version Tinstall Tcheck Ttotal Status Flags
r-devel-linux-x86_64-debian-clang 2.1.0 8.78 49.53 58.31 OK
r-devel-linux-x86_64-debian-gcc 2.1.0 5.00 37.33 42.33 OK
r-devel-linux-x86_64-fedora-clang 2.1.0 75.66 OK
r-devel-linux-x86_64-fedora-gcc 2.1.0 66.36 OK
r-devel-windows-x86_64 2.1.0 10.00 55.00 65.00 OK
r-devel-windows-x86_64-gcc10-UCRT 2.1.0 NOTE
r-patched-linux-x86_64 2.1.0 7.26 47.34 54.60 OK
r-patched-solaris-x86 2.1.0 96.00 OK
r-release-linux-x86_64 2.1.0 4.96 47.61 52.57 OK
r-release-macos-arm64 2.1.0 OK
r-release-macos-x86_64 2.1.0 OK
r-release-windows-ix86+x86_64 2.1.0 8.00 52.00 60.00 OK
r-oldrel-macos-x86_64 2.1.0 OK
r-oldrel-windows-ix86+x86_64 2.1.0 13.00 59.00 72.00 OK

Check Details

Version: 2.1.0
Check: package dependencies
Result: NOTE
    Package suggested but not available for checking: 'rhdf5'
Flavor: r-devel-windows-x86_64-gcc10-UCRT