CRAN Package Check Results for Package neo4jshell

Last updated on 2021-09-26 07:50:14 CEST.

Flavor Version Tinstall Tcheck Ttotal Status Flags
r-devel-linux-x86_64-debian-clang 0.1.1 2.14 26.72 28.86 NOTE
r-devel-linux-x86_64-debian-gcc 0.1.1 1.91 20.97 22.88 NOTE
r-devel-linux-x86_64-fedora-clang 0.1.1 43.44 NOTE
r-devel-linux-x86_64-fedora-gcc 0.1.1 33.14 NOTE
r-devel-windows-x86_64 0.1.1 4.00 40.00 44.00 NOTE
r-devel-windows-x86_64-gcc10-UCRT 0.1.1 NOTE
r-patched-linux-x86_64 0.1.1 2.41 26.17 28.58 NOTE
r-release-linux-x86_64 0.1.1 2.07 26.55 28.62 NOTE
r-release-macos-arm64 0.1.1 NOTE
r-release-macos-x86_64 0.1.1 NOTE
r-release-windows-ix86+x86_64 0.1.1 5.00 34.00 39.00 NOTE
r-oldrel-macos-x86_64 0.1.1 OK
r-oldrel-windows-ix86+x86_64 0.1.1 5.00 33.00 38.00 OK

Check Details

Version: 0.1.1
Check: LazyData
Result: NOTE
     'LazyData' is specified without a 'data' directory
Flavors: r-devel-linux-x86_64-debian-clang, r-devel-linux-x86_64-debian-gcc, r-devel-linux-x86_64-fedora-clang, r-devel-linux-x86_64-fedora-gcc, r-devel-windows-x86_64, r-devel-windows-x86_64-gcc10-UCRT, r-patched-linux-x86_64, r-release-linux-x86_64, r-release-macos-arm64, r-release-macos-x86_64, r-release-windows-ix86+x86_64