CRAN Package Check Results for Package nc

Last updated on 2021-09-21 07:50:22 CEST.

Flavor Version Tinstall Tcheck Ttotal Status Flags
r-devel-linux-x86_64-debian-clang 2020.8.6 2.86 70.63 73.49 NOTE
r-devel-linux-x86_64-debian-gcc 2020.8.6 2.56 46.84 49.40 NOTE
r-devel-linux-x86_64-fedora-clang 2020.8.6 89.81 NOTE
r-devel-linux-x86_64-fedora-gcc 2020.8.6 73.29 NOTE
r-devel-windows-x86_64 2020.8.6 5.00 72.00 77.00 OK
r-devel-windows-x86_64-gcc10-UCRT 2020.8.6 ERROR
r-patched-linux-x86_64 2020.8.6 3.00 60.75 63.75 NOTE
r-patched-solaris-x86 2020.8.6 108.60 NOTE
r-release-linux-x86_64 2020.8.6 2.81 61.16 63.97 NOTE
r-release-macos-arm64 2020.8.6 NOTE
r-release-macos-x86_64 2020.8.6 NOTE
r-release-windows-ix86+x86_64 2020.8.6 8.00 74.00 82.00 OK
r-oldrel-macos-x86_64 2020.8.6 NOTE
r-oldrel-windows-ix86+x86_64 2020.8.6 7.00 70.00 77.00 OK

Check Details

Version: 2020.8.6
Check: package dependencies
Result: NOTE
    Package suggested but not available for checking: 're2r'
Flavors: r-devel-linux-x86_64-debian-clang, r-devel-linux-x86_64-debian-gcc, r-devel-linux-x86_64-fedora-clang, r-devel-linux-x86_64-fedora-gcc, r-devel-windows-x86_64-gcc10-UCRT, r-patched-linux-x86_64, r-patched-solaris-x86, r-release-linux-x86_64, r-release-macos-arm64, r-release-macos-x86_64, r-oldrel-macos-x86_64

Version: 2020.8.6
Check: whether package can be installed
Result: WARN
    Found the following significant warnings:
     WARNING: installation-time patches will not be applied, could not get the patches index
Flavor: r-devel-windows-x86_64-gcc10-UCRT

Version: 2020.8.6
Check: PDF version of manual
Result: WARN
    LaTeX errors when creating PDF version.
    This typically indicates Rd problems.
Flavor: r-devel-windows-x86_64-gcc10-UCRT

Version: 2020.8.6
Check: PDF version of manual without hyperrefs or index
Result: ERROR
    Re-running with no redirection of stdout/stderr.
Flavor: r-devel-windows-x86_64-gcc10-UCRT