CRAN Package Check Results for Package nc

Last updated on 2021-06-14 07:48:43 CEST.

Flavor Version Tinstall Tcheck Ttotal Status Flags
r-devel-linux-x86_64-debian-clang 2020.8.6 3.09 72.46 75.55 NOTE
r-devel-linux-x86_64-debian-gcc 2020.8.6 2.42 47.92 50.34 NOTE
r-devel-linux-x86_64-fedora-clang 2020.8.6 92.82 NOTE
r-devel-linux-x86_64-fedora-gcc 2020.8.6 76.76 NOTE
r-devel-windows-x86_64 2020.8.6 6.00 91.00 97.00 OK
r-devel-windows-x86_64-gcc10-UCRT 2020.8.6 NOTE
r-patched-linux-x86_64 2020.8.6 2.61 59.93 62.54 NOTE
r-patched-solaris-x86 2020.8.6 106.50 NOTE
r-release-linux-x86_64 2020.8.6 3.07 60.64 63.71 NOTE
r-release-macos-arm64 2020.8.6 NOTE
r-release-macos-x86_64 2020.8.6 NOTE
r-release-windows-ix86+x86_64 2020.8.6 18.00 90.00 108.00 OK
r-oldrel-macos-x86_64 2020.8.6 NOTE
r-oldrel-windows-ix86+x86_64 2020.8.6 6.00 98.00 104.00 OK

Check Details

Version: 2020.8.6
Check: package dependencies
Result: NOTE
    Package suggested but not available for checking: 're2r'
Flavors: r-devel-linux-x86_64-debian-clang, r-devel-linux-x86_64-debian-gcc, r-devel-linux-x86_64-fedora-clang, r-devel-linux-x86_64-fedora-gcc, r-devel-windows-x86_64-gcc10-UCRT, r-patched-linux-x86_64, r-patched-solaris-x86, r-release-linux-x86_64, r-release-macos-arm64, r-release-macos-x86_64, r-oldrel-macos-x86_64