CRAN Package Check Results for Package nat

Last updated on 2021-12-02 08:51:16 CET.

Flavor Version Tinstall Tcheck Ttotal Status Flags
r-devel-linux-x86_64-debian-clang 1.8.18 16.33 153.71 170.04 NOTE
r-devel-linux-x86_64-debian-gcc 1.8.18 12.73 114.25 126.98 NOTE
r-devel-linux-x86_64-fedora-clang 1.8.18 216.11 NOTE
r-devel-linux-x86_64-fedora-gcc 1.8.18 202.99 NOTE
r-devel-windows-x86_64-new-UL 1.8.18 45.00 234.00 279.00 NOTE
r-devel-windows-x86_64-new-TK 1.8.18 NOTE
r-devel-windows-x86_64-old 1.8.18 25.00 143.00 168.00 NOTE
r-patched-linux-x86_64 1.8.18 23.28 146.36 169.64 NOTE
r-patched-solaris-x86 1.8.18 252.80 OK
r-release-linux-x86_64 1.8.18 15.33 147.64 162.97 NOTE
r-release-macos-arm64 1.8.18 NOTE
r-release-macos-x86_64 1.8.18 NOTE
r-release-windows-ix86+x86_64 1.8.18 30.00 191.00 221.00 NOTE
r-oldrel-macos-x86_64 1.8.18 NOTE
r-oldrel-windows-ix86+x86_64 1.8.18 29.00 185.00 214.00 NOTE

Check Details

Version: 1.8.18
Check: package dependencies
Result: NOTE
    Package suggested but not available for checking: 'webshot2'
Flavors: r-devel-linux-x86_64-debian-clang, r-devel-linux-x86_64-debian-gcc, r-devel-linux-x86_64-fedora-clang, r-devel-linux-x86_64-fedora-gcc, r-devel-windows-x86_64-new-UL, r-devel-windows-x86_64-new-TK, r-devel-windows-x86_64-old, r-patched-linux-x86_64, r-release-linux-x86_64, r-release-macos-arm64, r-release-macos-x86_64, r-release-windows-ix86+x86_64, r-oldrel-macos-x86_64, r-oldrel-windows-ix86+x86_64