CRAN Package Check Results for Package nandb

Last updated on 2021-06-24 07:50:18 CEST.

Flavor Version Tinstall Tcheck Ttotal Status Flags
r-devel-linux-x86_64-debian-clang 2.1.0 49.65 208.95 258.60 OK
r-devel-linux-x86_64-debian-gcc 2.1.0 28.47 149.36 177.83 OK
r-devel-linux-x86_64-fedora-clang 2.1.0 309.37 OK
r-devel-linux-x86_64-fedora-gcc 2.1.0 301.41 OK
r-devel-windows-x86_64 2.1.0 59.00 180.00 239.00 OK
r-devel-windows-x86_64-gcc10-UCRT 2.1.0 NOTE
r-patched-linux-x86_64 2.1.0 37.52 192.87 230.39 OK
r-patched-solaris-x86 2.1.0 495.40 OK
r-release-linux-x86_64 2.1.0 31.38 195.04 226.42 OK
r-release-macos-arm64 2.1.0 OK
r-release-macos-x86_64 2.1.0 OK
r-release-windows-ix86+x86_64 2.1.0 83.00 182.00 265.00 OK
r-oldrel-macos-x86_64 2.1.0 OK

Check Details

Version: 2.1.0
Check: package dependencies
Result: NOTE
    Package suggested but not available for checking: 'covr'
Flavor: r-devel-windows-x86_64-gcc10-UCRT