CRAN Package Check Results for Package namedCapture

Last updated on 2021-09-21 07:50:22 CEST.

Flavor Version Tinstall Tcheck Ttotal Status Flags
r-devel-linux-x86_64-debian-clang 2020.4.1 2.29 30.53 32.82 NOTE
r-devel-linux-x86_64-debian-gcc 2020.4.1 1.77 23.66 25.43 NOTE
r-devel-linux-x86_64-fedora-clang 2020.4.1 49.89 NOTE
r-devel-linux-x86_64-fedora-gcc 2020.4.1 38.05 NOTE
r-devel-windows-x86_64 2020.4.1 4.00 46.00 50.00 OK
r-devel-windows-x86_64-gcc10-UCRT 2020.4.1 ERROR
r-patched-linux-x86_64 2020.4.1 2.13 27.67 29.80 NOTE
r-patched-solaris-x86 2020.4.1 63.10 NOTE
r-release-linux-x86_64 2020.4.1 2.08 27.78 29.86 NOTE
r-release-macos-arm64 2020.4.1 NOTE
r-release-macos-x86_64 2020.4.1 NOTE
r-release-windows-ix86+x86_64 2020.4.1 6.00 38.00 44.00 OK
r-oldrel-macos-x86_64 2020.4.1 NOTE
r-oldrel-windows-ix86+x86_64 2020.4.1 6.00 36.00 42.00 OK

Check Details

Version: 2020.4.1
Check: package dependencies
Result: NOTE
    Package suggested but not available for checking: 're2r'
Flavors: r-devel-linux-x86_64-debian-clang, r-devel-linux-x86_64-debian-gcc, r-devel-linux-x86_64-fedora-clang, r-devel-linux-x86_64-fedora-gcc, r-devel-windows-x86_64-gcc10-UCRT, r-patched-linux-x86_64, r-patched-solaris-x86, r-release-linux-x86_64, r-release-macos-arm64, r-release-macos-x86_64, r-oldrel-macos-x86_64

Version: 2020.4.1
Check: whether package can be installed
Result: WARN
    Found the following significant warnings:
     WARNING: installation-time patches will not be applied, could not get the patches index
Flavor: r-devel-windows-x86_64-gcc10-UCRT

Version: 2020.4.1
Check: PDF version of manual
Result: WARN
    LaTeX errors when creating PDF version.
    This typically indicates Rd problems.
Flavor: r-devel-windows-x86_64-gcc10-UCRT

Version: 2020.4.1
Check: PDF version of manual without hyperrefs or index
Result: ERROR
    Re-running with no redirection of stdout/stderr.
Flavor: r-devel-windows-x86_64-gcc10-UCRT