CRAN Package Check Results for Package namedCapture

Last updated on 2021-06-14 07:48:43 CEST.

Flavor Version Tinstall Tcheck Ttotal Status Flags
r-devel-linux-x86_64-debian-clang 2020.4.1 2.07 31.79 33.86 NOTE
r-devel-linux-x86_64-debian-gcc 2020.4.1 1.55 25.25 26.80 NOTE
r-devel-linux-x86_64-fedora-clang 2020.4.1 51.62 NOTE
r-devel-linux-x86_64-fedora-gcc 2020.4.1 41.02 NOTE
r-devel-windows-x86_64 2020.4.1 5.00 55.00 60.00 OK
r-devel-windows-x86_64-gcc10-UCRT 2020.4.1 NOTE
r-patched-linux-x86_64 2020.4.1 2.45 30.75 33.20 NOTE
r-patched-solaris-x86 2020.4.1 63.30 NOTE
r-release-linux-x86_64 2020.4.1 1.85 30.89 32.74 NOTE
r-release-macos-arm64 2020.4.1 NOTE
r-release-macos-x86_64 2020.4.1 NOTE
r-release-windows-ix86+x86_64 2020.4.1 5.00 55.00 60.00 OK
r-oldrel-macos-x86_64 2020.4.1 NOTE
r-oldrel-windows-ix86+x86_64 2020.4.1 5.00 58.00 63.00 OK

Check Details

Version: 2020.4.1
Check: package dependencies
Result: NOTE
    Package suggested but not available for checking: 're2r'
Flavors: r-devel-linux-x86_64-debian-clang, r-devel-linux-x86_64-debian-gcc, r-devel-linux-x86_64-fedora-clang, r-devel-linux-x86_64-fedora-gcc, r-devel-windows-x86_64-gcc10-UCRT, r-patched-linux-x86_64, r-patched-solaris-x86, r-release-linux-x86_64, r-release-macos-arm64, r-release-macos-x86_64, r-oldrel-macos-x86_64