CRAN Package Check Results for Package naivebayes

Last updated on 2021-09-19 07:50:33 CEST.

Flavor Version Tinstall Tcheck Ttotal Status Flags
r-devel-linux-x86_64-debian-clang 0.9.7 4.57 66.26 70.83 OK
r-devel-linux-x86_64-debian-gcc 0.9.7 3.91 51.55 55.46 OK
r-devel-linux-x86_64-fedora-clang 0.9.7 92.98 OK
r-devel-linux-x86_64-fedora-gcc 0.9.7 82.54 OK
r-devel-windows-x86_64 0.9.7 7.00 112.00 119.00 OK
r-devel-windows-x86_64-gcc10-UCRT 0.9.7 ERROR
r-patched-linux-x86_64 0.9.7 4.89 48.76 53.65 OK
r-patched-solaris-x86 0.9.7 93.50 OK
r-release-linux-x86_64 0.9.7 4.30 48.54 52.84 OK
r-release-macos-arm64 0.9.7 OK
r-release-macos-x86_64 0.9.7 OK
r-release-windows-ix86+x86_64 0.9.7 9.00 57.00 66.00 OK
r-oldrel-macos-x86_64 0.9.7 OK
r-oldrel-windows-ix86+x86_64 0.9.7 9.00 56.00 65.00 OK

Check Details

Version: 0.9.7
Check: whether package can be installed
Result: WARN
    Found the following significant warnings:
     WARNING: installation-time patches will not be applied, could not get the patches index
Flavor: r-devel-windows-x86_64-gcc10-UCRT

Version: 0.9.7
Check: PDF version of manual
Result: WARN
    LaTeX errors when creating PDF version.
    This typically indicates Rd problems.
Flavor: r-devel-windows-x86_64-gcc10-UCRT

Version: 0.9.7
Check: PDF version of manual without hyperrefs or index
Result: ERROR
    Re-running with no redirection of stdout/stderr.
Flavor: r-devel-windows-x86_64-gcc10-UCRT