CRAN Package Check Results for Package naaccr

Last updated on 2021-10-18 07:49:49 CEST.

Flavor Version Tinstall Tcheck Ttotal Status Flags
r-devel-linux-x86_64-debian-clang 1.0.0 4.70 112.63 117.33 OK
r-devel-linux-x86_64-debian-gcc 1.0.0 3.41 81.20 84.61 OK
r-devel-linux-x86_64-fedora-clang 1.0.0 123.46 NOTE
r-devel-linux-x86_64-fedora-gcc 1.0.0 93.33 NOTE
r-devel-windows-x86_64 1.0.0 7.00 122.00 129.00 OK
r-devel-windows-x86_64-gcc10-UCRT 1.0.0 NOTE
r-patched-linux-x86_64 1.0.0 4.53 89.93 94.46 OK
r-patched-solaris-x86 1.0.0 121.20 NOTE
r-release-linux-x86_64 1.0.0 3.54 89.85 93.39 OK
r-release-macos-arm64 1.0.0 NOTE
r-release-macos-x86_64 1.0.0 NOTE
r-release-windows-ix86+x86_64 1.0.0 7.00 90.00 97.00 OK
r-oldrel-macos-x86_64 1.0.0 NOTE
r-oldrel-windows-ix86+x86_64 1.0.0 8.00 90.00 98.00 OK

Check Details

Version: 1.0.0
Check: data for non-ASCII characters
Result: NOTE
     Note: found 50 marked UTF-8 strings
Flavors: r-devel-linux-x86_64-fedora-clang, r-devel-linux-x86_64-fedora-gcc, r-devel-windows-x86_64-gcc10-UCRT, r-patched-solaris-x86, r-release-macos-arm64, r-release-macos-x86_64, r-oldrel-macos-x86_64