CRAN Package Check Results for Package nCov2019

Last updated on 2021-06-19 07:48:57 CEST.

Flavor Version Tinstall Tcheck Ttotal Status Flags
r-devel-linux-x86_64-debian-clang 0.4.5 5.11 79.14 84.25 OK
r-devel-linux-x86_64-debian-gcc 0.4.5 3.89 60.55 64.44 OK
r-devel-linux-x86_64-fedora-clang 0.4.5 110.60 NOTE
r-devel-linux-x86_64-fedora-gcc 0.4.5 97.95 OK
r-devel-windows-x86_64 0.4.5 10.00 120.00 130.00 NOTE
r-devel-windows-x86_64-gcc10-UCRT 0.4.5 OK
r-patched-linux-x86_64 0.4.5 5.07 75.26 80.33 OK
r-patched-solaris-x86 0.4.5 141.00 NOTE
r-release-linux-x86_64 0.4.5 4.91 76.25 81.16 OK
r-release-macos-arm64 0.4.5 NOTE
r-release-macos-x86_64 0.4.5 NOTE
r-release-windows-ix86+x86_64 0.4.5 14.00 91.00 105.00 NOTE
r-oldrel-macos-x86_64 0.4.5 NOTE
r-oldrel-windows-ix86+x86_64 0.4.5 12.00 100.00 112.00 NOTE

Check Details

Version: 0.4.5
Check: installed package size
Result: NOTE
     installed size is 6.4Mb
     sub-directories of 1Mb or more:
     doc 5.4Mb
Flavors: r-devel-linux-x86_64-fedora-clang, r-devel-windows-x86_64, r-patched-solaris-x86, r-release-macos-arm64, r-release-macos-x86_64, r-release-windows-ix86+x86_64, r-oldrel-macos-x86_64, r-oldrel-windows-ix86+x86_64