CRAN Package Check Results for Package myTAI

Last updated on 2021-05-12 07:48:31 CEST.

Flavor Version Tinstall Tcheck Ttotal Status Flags
r-devel-linux-x86_64-debian-clang 0.9.3 33.49 185.79 219.28 OK
r-devel-linux-x86_64-debian-gcc 0.9.3 21.10 145.90 167.00 OK
r-devel-linux-x86_64-fedora-clang 0.9.3 305.33 OK
r-devel-linux-x86_64-fedora-gcc 0.9.3 272.82 OK
r-devel-windows-ix86+x86_64 0.9.3 77.00 417.00 494.00 NOTE
r-devel-windows-x86_64-gcc10-UCRT 0.9.3 OK
r-patched-linux-x86_64 0.9.3 28.65 188.37 217.02 OK
r-patched-solaris-x86 0.9.3 362.30 OK
r-release-linux-x86_64 0.9.3 25.77 181.85 207.62 OK
r-release-macos-x86_64 0.9.3 OK
r-release-windows-ix86+x86_64 0.9.3 59.00 335.00 394.00 NOTE
r-oldrel-macos-x86_64 0.9.3 OK
r-oldrel-windows-ix86+x86_64 0.9.3 65.00 411.00 476.00 NOTE

Check Details

Version: 0.9.3
Check: installed package size
Result: NOTE
     installed size is 5.6Mb
     sub-directories of 1Mb or more:
     data 2.0Mb
     doc 1.1Mb
     libs 2.0Mb
Flavors: r-devel-windows-ix86+x86_64, r-release-windows-ix86+x86_64, r-oldrel-windows-ix86+x86_64