CRAN Package Check Results for Package mxkssd

Last updated on 2021-09-28 07:48:34 CEST.

Flavor Version Tinstall Tcheck Ttotal Status Flags
r-devel-linux-x86_64-debian-clang 1.1 1.63 21.07 22.70 NOTE
r-devel-linux-x86_64-debian-gcc 1.1 1.66 17.23 18.89 NOTE
r-devel-linux-x86_64-fedora-clang 1.1 36.95 NOTE
r-devel-linux-x86_64-fedora-gcc 1.1 26.57 NOTE
r-devel-windows-x86_64 1.1 3.00 36.00 39.00 NOTE
r-devel-windows-x86_64-gcc10-UCRT 1.1 NOTE
r-patched-linux-x86_64 1.1 1.92 20.77 22.69 NOTE
r-patched-solaris-x86 1.1 41.60 NOTE
r-release-linux-x86_64 1.1 1.89 20.68 22.57 NOTE
r-release-macos-arm64 1.1 NOTE
r-release-macos-x86_64 1.1 NOTE
r-release-windows-ix86+x86_64 1.1 5.00 34.00 39.00 NOTE
r-oldrel-macos-x86_64 1.1 NOTE
r-oldrel-windows-ix86+x86_64 1.1 4.00 33.00 37.00 NOTE

Check Details

Version: 1.1
Check: R code for possible problems
Result: NOTE
    mxkssd: no visible global function definition for 'txtProgressBar'
    mxkssd: no visible global function definition for 'setTxtProgressBar'
    Undefined global functions or variables:
     setTxtProgressBar txtProgressBar
    Consider adding
     importFrom("utils", "setTxtProgressBar", "txtProgressBar")
    to your NAMESPACE file.
Flavors: r-devel-linux-x86_64-debian-clang, r-devel-linux-x86_64-debian-gcc, r-devel-linux-x86_64-fedora-clang, r-devel-linux-x86_64-fedora-gcc, r-devel-windows-x86_64, r-devel-windows-x86_64-gcc10-UCRT, r-patched-linux-x86_64, r-patched-solaris-x86, r-release-linux-x86_64, r-release-macos-arm64, r-release-macos-x86_64, r-release-windows-ix86+x86_64, r-oldrel-macos-x86_64, r-oldrel-windows-ix86+x86_64