CRAN Package Check Results for Package mvSLOUCH

Last updated on 2021-08-03 07:54:33 CEST.

Flavor Version Tinstall Tcheck Ttotal Status Flags
r-devel-linux-x86_64-debian-clang 2.6.5 34.37 236.06 270.43 OK
r-devel-linux-x86_64-debian-gcc 2.6.5 23.57 169.81 193.38 OK
r-devel-linux-x86_64-fedora-clang 2.6.5 310.88 NOTE
r-devel-linux-x86_64-fedora-gcc 2.6.5 308.17 NOTE
r-devel-windows-x86_64 2.6.5 30.00 255.00 285.00 OK
r-devel-windows-x86_64-gcc10-UCRT 2.6.5 NOTE
r-patched-linux-x86_64 2.6.5 34.98 217.95 252.93 OK
r-patched-solaris-x86 2.6.5 381.70 NOTE
r-release-linux-x86_64 2.6.5 27.19 218.61 245.80 OK
r-release-macos-arm64 2.6.5 WARN
r-release-macos-x86_64 2.6.5 NOTE
r-release-windows-ix86+x86_64 2.6.5 57.00 250.00 307.00 OK
r-oldrel-macos-x86_64 2.6.5 NOTE
r-oldrel-windows-ix86+x86_64 2.6.5 46.00 252.00 298.00 OK

Check Details

Version: 2.6.5
Check: dependencies in R code
Result: NOTE
    Namespace in Imports field not imported from: ‘matrixcalc’
     All declared Imports should be used.
Flavors: r-devel-linux-x86_64-fedora-clang, r-devel-linux-x86_64-fedora-gcc, r-devel-windows-x86_64-gcc10-UCRT, r-patched-solaris-x86, r-release-macos-arm64, r-release-macos-x86_64, r-oldrel-macos-x86_64

Version: 2.6.5
Check: Rd cross-references
Result: NOTE
    Undeclared package ‘mvMORPH’ in Rd xrefs
Flavor: r-devel-linux-x86_64-fedora-clang

Version: 2.6.5
Check: re-building of vignette outputs
Result: WARN
    Error(s) in re-building vignettes:
     ...
    --- re-building ‘mvSLOUCH_Carnivorans.Rmd’ using rmarkdown
    Warning in engine$weave(file, quiet = quiet, encoding = enc) :
     Pandoc (>= 1.12.3) not available. Falling back to R Markdown v1.
    using cached file: ~/Library/Caches/R/rdryad/10_5061_dryad_77tm4.zip
    date created (size, mb): 2021-05-03 14:05:14 (0.022)
    Quitting from lines 1138-1143 (mvSLOUCH_Carnivorans.Rmd)
    Error: processing vignette 'mvSLOUCH_Carnivorans.Rmd' failed with diagnostics:
    polygon edge not found
    --- failed re-building ‘mvSLOUCH_Carnivorans.Rmd’
    
    SUMMARY: processing the following file failed:
     ‘mvSLOUCH_Carnivorans.Rmd’
    
    Error: Vignette re-building failed.
    Execution halted
Flavor: r-release-macos-arm64