CRAN Package Check Results for Package mvPot

Last updated on 2021-09-18 08:50:50 CEST.

Flavor Version Tinstall Tcheck Ttotal Status Flags
r-devel-linux-x86_64-debian-clang 0.1.5 5.27 36.30 41.57 OK
r-devel-linux-x86_64-debian-gcc 0.1.5 4.48 28.18 32.66 OK
r-devel-linux-x86_64-fedora-clang 0.1.5 60.64 NOTE
r-devel-linux-x86_64-fedora-gcc 0.1.5 49.53 OK
r-devel-windows-x86_64 0.1.5 8.00 64.00 72.00 OK
r-devel-windows-x86_64-gcc10-UCRT 0.1.5 OK
r-patched-linux-x86_64 0.1.5 5.25 35.25 40.50 OK
r-patched-solaris-x86 0.1.5 74.80 OK
r-release-linux-x86_64 0.1.5 4.66 34.95 39.61 OK
r-release-macos-arm64 0.1.5 OK
r-release-macos-x86_64 0.1.5 OK
r-release-windows-ix86+x86_64 0.1.5 14.00 66.00 80.00 OK
r-oldrel-macos-x86_64 0.1.5 OK
r-oldrel-windows-ix86+x86_64 0.1.5 12.00 60.00 72.00 OK

Check Details

Version: 0.1.5
Check: Rd cross-references
Result: NOTE
    Undeclared package ‘mev’ in Rd xrefs
Flavor: r-devel-linux-x86_64-fedora-clang