CRAN Package Check Results for Package mutoss

Last updated on 2021-07-28 07:49:31 CEST.

Flavor Version Tinstall Tcheck Ttotal Status Flags
r-devel-linux-x86_64-debian-clang 0.1-12 OK
r-devel-linux-x86_64-debian-gcc 0.1-12 11.15 95.07 106.22 OK
r-devel-linux-x86_64-fedora-clang 0.1-12 173.48 OK
r-devel-linux-x86_64-fedora-gcc 0.1-12 161.83 OK
r-devel-windows-x86_64 0.1-12 21.00 132.00 153.00 OK
r-devel-windows-x86_64-gcc10-UCRT 0.1-12 OK
r-patched-linux-x86_64 0.1-12 14.22 119.36 133.58 OK
r-patched-solaris-x86 0.1-12 225.90 OK
r-release-linux-x86_64 0.1-12 12.93 118.16 131.09 OK
r-release-macos-arm64 0.1-12 ERROR
r-release-macos-x86_64 0.1-12 OK
r-release-windows-ix86+x86_64 0.1-12 28.00 117.00 145.00 OK
r-oldrel-macos-x86_64 0.1-12 OK
r-oldrel-windows-ix86+x86_64 0.1-12 22.00 159.00 181.00 OK

Check Details

Version: 0.1-12
Check: package dependencies
Result: NOTE
    Package suggested but not available for checking: ‘qvalue’
Flavor: r-release-macos-arm64

Version: 0.1-12
Check: examples
Result: ERROR
    Running examples in ‘mutoss-Ex.R’ failed
    The error most likely occurred in:
    
    > ### Name: Qvalue
    > ### Title: Storey's (2001) q-value Procedure...
    > ### Aliases: Qvalue
    >
    > ### ** Examples
    > pval <- c(runif(50), runif(50, 0, 0.01))
    > result <- Qvalue(pval)
    Loading required package: qvalue
    Warning in library(package, lib.loc = lib.loc, character.only = TRUE, logical.return = TRUE, :
     there is no package called ‘qvalue’
    Package qvalue is required - should we install it?
    Error in requireLibrary("qvalue") :
     Required package qvalue should not be installed
    Calls: Qvalue -> requireLibrary
    Execution halted
Flavor: r-release-macos-arm64