CRAN Package Check Results for Package mustashe

Last updated on 2021-09-22 07:51:27 CEST.

Flavor Version Tinstall Tcheck Ttotal Status Flags
r-devel-linux-x86_64-debian-clang 0.1.4 2.13 28.97 31.10 OK
r-devel-linux-x86_64-debian-gcc 0.1.4 1.78 23.06 24.84 OK
r-devel-linux-x86_64-fedora-clang 0.1.4 46.76 OK
r-devel-linux-x86_64-fedora-gcc 0.1.4 36.49 OK
r-devel-windows-x86_64 0.1.4 3.00 52.00 55.00 OK
r-devel-windows-x86_64-gcc10-UCRT 0.1.4 ERROR
r-patched-linux-x86_64 0.1.4 2.13 28.51 30.64 OK
r-patched-solaris-x86 0.1.4 59.40 OK
r-release-linux-x86_64 0.1.4 2.19 28.79 30.98 OK
r-release-macos-arm64 0.1.4 OK
r-release-macos-x86_64 0.1.4 ERROR
r-release-windows-ix86+x86_64 0.1.4 6.00 51.00 57.00 OK
r-oldrel-macos-x86_64 0.1.4 ERROR
r-oldrel-windows-ix86+x86_64 0.1.4 5.00 53.00 58.00 OK

Check Details

Version: 0.1.4
Check: package dependencies
Result: ERROR
    Package required but not available: 'qs'
    
    Package suggested but not available for checking: 'spelling'
    
    See section 'The DESCRIPTION file' in the 'Writing R Extensions'
    manual.
Flavor: r-devel-windows-x86_64-gcc10-UCRT

Version: 0.1.4
Check: tests
Result: ERROR
     Running ‘spelling.R’ [0s/0s]
     Running ‘testthat.R’ [1s/5s]
    Running the tests in ‘tests/testthat.R’ failed.
    Last 13 lines of output:
     Backtrace:
     █
     1. ├─testthat::expect_null(...) test-unstash.R:2:2
     2. │ └─testthat::quasi_label(enquo(object), label, arg = "object")
     3. │ └─rlang::eval_bare(expr, quo_get_env(quo))
     4. └─mustashe::stash(...)
     5. └─mustashe:::check_stash_dir()
     6. └─base::tryCatch(...)
     7. └─base:::tryCatchList(expr, classes, parentenv, handlers)
     8. └─base:::tryCatchOne(expr, names, parentenv, handlers[[1L]])
     9. └─value[[3L]](cond)
    
     [ FAIL 1 | WARN 1 | SKIP 0 | PASS 60 ]
     Error: Test failures
     Execution halted
Flavor: r-release-macos-x86_64

Version: 0.1.4
Check: tests
Result: ERROR
     Running ‘spelling.R’ [0s/0s]
     Running ‘testthat.R’ [1s/4s]
    Running the tests in ‘tests/testthat.R’ failed.
    Last 13 lines of output:
     Backtrace:
     █
     1. ├─testthat::expect_null(...) test-unstash.R:2:2
     2. │ └─testthat::quasi_label(enquo(object), label, arg = "object")
     3. │ └─rlang::eval_bare(expr, quo_get_env(quo))
     4. └─mustashe::stash(...)
     5. └─mustashe:::check_stash_dir()
     6. └─base::tryCatch(...)
     7. └─base:::tryCatchList(expr, classes, parentenv, handlers)
     8. └─base:::tryCatchOne(expr, names, parentenv, handlers[[1L]])
     9. └─value[[3L]](cond)
    
     [ FAIL 1 | WARN 1 | SKIP 0 | PASS 60 ]
     Error: Test failures
     Execution halted
Flavor: r-oldrel-macos-x86_64