CRAN Package Check Results for Package mustashe

Last updated on 2022-08-12 07:53:20 CEST.

Flavor Version Tinstall Tcheck Ttotal Status Flags
r-devel-linux-x86_64-debian-clang 0.1.4 1.94 31.92 33.86 OK
r-devel-linux-x86_64-debian-gcc 0.1.4 1.73 24.70 26.43 OK
r-devel-linux-x86_64-fedora-clang 0.1.4 54.29 OK
r-devel-linux-x86_64-fedora-gcc 0.1.4 53.11 OK
r-devel-windows-x86_64 0.1.4 22.00 80.00 102.00 OK
r-patched-linux-x86_64 0.1.4 1.85 30.37 32.22 OK
r-release-linux-x86_64 0.1.4 2.36 30.47 32.83 OK
r-release-macos-arm64 0.1.4 35.00 OK
r-release-macos-x86_64 0.1.4 44.00 ERROR
r-release-windows-x86_64 0.1.4 14.00 78.00 92.00 OK
r-oldrel-macos-arm64 0.1.4 39.00 OK
r-oldrel-macos-x86_64 0.1.4 43.00 ERROR
r-oldrel-windows-ix86+x86_64 0.1.4 7.00 64.00 71.00 OK

Check Details

Version: 0.1.4
Check: tests
Result: ERROR
     Running ‘spelling.R’ [0s/0s]
     Running ‘testthat.R’ [1s/4s]
    Running the tests in ‘tests/testthat.R’ failed.
    Last 13 lines of output:
     Backtrace:
     ▆
     1. ├─testthat::expect_null(...) at test-unstash.R:2:2
     2. │ └─testthat::quasi_label(enquo(object), label, arg = "object")
     3. │ └─rlang::eval_bare(expr, quo_get_env(quo))
     4. └─mustashe::stash(...)
     5. └─mustashe:::check_stash_dir()
     6. └─base::tryCatch(...)
     7. └─base tryCatchList(expr, classes, parentenv, handlers)
     8. └─base tryCatchOne(expr, names, parentenv, handlers[[1L]])
     9. └─value[[3L]](cond)
    
     [ FAIL 1 | WARN 1 | SKIP 0 | PASS 60 ]
     Error: Test failures
     Execution halted
Flavors: r-release-macos-x86_64, r-oldrel-macos-x86_64