CRAN Package Check Results for Package multinomineq

Last updated on 2021-05-11 07:47:57 CEST.

Flavor Version Tinstall Tcheck Ttotal Status Flags
r-devel-linux-x86_64-debian-clang 0.2.1 81.53 276.46 357.99 NOTE
r-devel-linux-x86_64-debian-gcc 0.2.1 55.79 181.39 237.18 NOTE
r-devel-linux-x86_64-fedora-clang 0.2.1 450.20 NOTE
r-devel-linux-x86_64-fedora-gcc 0.2.1 425.74 NOTE
r-devel-windows-ix86+x86_64 0.2.1 142.00 632.00 774.00 NOTE
r-devel-windows-x86_64-gcc10-UCRT 0.2.1 NOTE
r-patched-linux-x86_64 0.2.1 67.89 265.75 333.64 NOTE
r-patched-solaris-x86 0.2.1 513.70 NOTE
r-release-linux-x86_64 0.2.1 67.43 262.92 330.35 NOTE
r-release-macos-x86_64 0.2.1 NOTE
r-release-windows-ix86+x86_64 0.2.1 141.00 521.00 662.00 NOTE
r-oldrel-macos-x86_64 0.2.1 NOTE
r-oldrel-windows-ix86+x86_64 0.2.1 162.00 639.00 801.00 NOTE

Check Details

Version: 0.2.1
Check: package dependencies
Result: NOTE
    Package suggested but not available for checking: 'rPorta'
Flavors: r-devel-linux-x86_64-debian-clang, r-devel-linux-x86_64-debian-gcc, r-devel-linux-x86_64-fedora-clang, r-devel-linux-x86_64-fedora-gcc, r-devel-windows-ix86+x86_64, r-devel-windows-x86_64-gcc10-UCRT, r-patched-linux-x86_64, r-patched-solaris-x86, r-release-linux-x86_64, r-release-macos-x86_64, r-release-windows-ix86+x86_64, r-oldrel-macos-x86_64, r-oldrel-windows-ix86+x86_64

Version: 0.2.1
Check: installed package size
Result: NOTE
     installed size is 5.7Mb
     sub-directories of 1Mb or more:
     libs 4.3Mb
Flavors: r-devel-linux-x86_64-fedora-clang, r-release-macos-x86_64, r-oldrel-macos-x86_64