CRAN Package Check Results for Package multilevelPSA

Last updated on 2021-09-19 07:50:32 CEST.

Flavor Version Tinstall Tcheck Ttotal Status Flags
r-devel-linux-x86_64-debian-clang 1.2.5 12.78 117.35 130.13 OK
r-devel-linux-x86_64-debian-gcc 1.2.5 12.34 88.12 100.46 OK
r-devel-linux-x86_64-fedora-clang 1.2.5 162.36 OK
r-devel-linux-x86_64-fedora-gcc 1.2.5 150.30 OK
r-devel-windows-x86_64 1.2.5 18.00 140.00 158.00 OK
r-devel-windows-x86_64-gcc10-UCRT 1.2.5 ERROR
r-patched-linux-x86_64 1.2.5 17.82 110.61 128.43 OK
r-patched-solaris-x86 1.2.5 221.30 OK
r-release-linux-x86_64 1.2.5 12.29 110.03 122.32 OK
r-release-macos-arm64 1.2.5 OK
r-release-macos-x86_64 1.2.5 OK
r-release-windows-ix86+x86_64 1.2.5 32.00 98.00 130.00 OK
r-oldrel-macos-x86_64 1.2.5 OK
r-oldrel-windows-ix86+x86_64 1.2.5 32.00 102.00 134.00 OK

Check Details

Version: 1.2.5
Check: whether package can be installed
Result: WARN
    Found the following significant warnings:
     WARNING: installation-time patches will not be applied, could not get the patches index
Flavor: r-devel-windows-x86_64-gcc10-UCRT

Version: 1.2.5
Check: PDF version of manual
Result: WARN
    LaTeX errors when creating PDF version.
    This typically indicates Rd problems.
Flavor: r-devel-windows-x86_64-gcc10-UCRT

Version: 1.2.5
Check: PDF version of manual without hyperrefs or index
Result: ERROR
    Re-running with no redirection of stdout/stderr.
Flavor: r-devel-windows-x86_64-gcc10-UCRT