CRAN Package Check Results for Package multcompView

Last updated on 2021-06-15 08:50:01 CEST.

Flavor Version Tinstall Tcheck Ttotal Status Flags
r-devel-linux-x86_64-debian-clang 0.1-8 3.47 48.20 51.67 OK
r-devel-linux-x86_64-debian-gcc 0.1-8 2.45 36.72 39.17 OK
r-devel-linux-x86_64-fedora-clang 0.1-8 71.17 OK
r-devel-linux-x86_64-fedora-gcc 0.1-8 60.13 OK
r-devel-windows-x86_64 0.1-8 5.00 68.00 73.00 OK
r-devel-windows-x86_64-gcc10-UCRT 0.1-8 NOTE
r-patched-linux-x86_64 0.1-8 3.38 45.90 49.28 OK
r-patched-solaris-x86 0.1-8 92.10 OK
r-release-linux-x86_64 0.1-8 2.57 45.23 47.80 OK
r-release-macos-arm64 0.1-8 NOTE
r-release-macos-x86_64 0.1-8 OK
r-release-windows-ix86+x86_64 0.1-8 8.00 53.00 61.00 OK
r-oldrel-macos-x86_64 0.1-8 OK
r-oldrel-windows-ix86+x86_64 0.1-8 6.00 71.00 77.00 OK

Check Details

Version: 0.1-8
Check: package dependencies
Result: NOTE
    Package suggested but not available for checking: 'pgirmess'
Flavors: r-devel-windows-x86_64-gcc10-UCRT, r-release-macos-arm64