CRAN Package Check Results for Package mully

Last updated on 2021-12-02 08:51:15 CET.

Flavor Version Tinstall Tcheck Ttotal Status Flags
r-devel-linux-x86_64-debian-clang 2.1.34 6.76 62.24 69.00 OK
r-devel-linux-x86_64-debian-gcc 2.1.34 4.61 49.46 54.07 OK
r-devel-linux-x86_64-fedora-clang 2.1.34 93.42 NOTE
r-devel-linux-x86_64-fedora-gcc 2.1.34 83.94 NOTE
r-devel-windows-x86_64-new-UL 2.1.34 15.00 121.00 136.00 OK
r-devel-windows-x86_64-new-TK 2.1.34 NOTE
r-devel-windows-x86_64-old 2.1.34 12.00 74.00 86.00 OK
r-patched-linux-x86_64 2.1.34 6.01 61.05 67.06 OK
r-patched-solaris-x86 2.1.34 168.60 NOTE
r-release-linux-x86_64 2.1.34 5.63 61.24 66.87 OK
r-release-macos-arm64 2.1.34 NOTE
r-release-macos-x86_64 2.1.34 NOTE
r-release-windows-ix86+x86_64 2.1.34 17.00 113.00 130.00 OK
r-oldrel-macos-x86_64 2.1.34 NOTE
r-oldrel-windows-ix86+x86_64 2.1.34 17.00 101.00 118.00 OK

Check Details

Version: 2.1.34
Check: dependencies in R code
Result: NOTE
    Namespace in Imports field not imported from: ‘shape’
     All declared Imports should be used.
Flavors: r-devel-linux-x86_64-fedora-clang, r-devel-linux-x86_64-fedora-gcc, r-devel-windows-x86_64-new-TK, r-patched-solaris-x86, r-release-macos-arm64, r-release-macos-x86_64, r-oldrel-macos-x86_64