CRAN Package Check Results for Package mscstts

Last updated on 2021-09-19 07:50:32 CEST.

Flavor Version Tinstall Tcheck Ttotal Status Flags
r-devel-linux-x86_64-debian-clang 0.6.2 2.16 30.61 32.77 OK
r-devel-linux-x86_64-debian-gcc 0.6.2 1.96 24.31 26.27 OK
r-devel-linux-x86_64-fedora-clang 0.6.2 48.27 NOTE
r-devel-linux-x86_64-fedora-gcc 0.6.2 37.46 NOTE
r-devel-windows-x86_64 0.6.2 4.00 58.00 62.00 ERROR
r-devel-windows-x86_64-gcc10-UCRT 0.6.2 ERROR
r-patched-linux-x86_64 0.6.2 5.22 29.77 34.99 OK
r-patched-solaris-x86 0.6.2 62.20 NOTE
r-release-linux-x86_64 0.6.2 2.49 29.75 32.24 OK
r-release-macos-arm64 0.6.2 NOTE
r-release-macos-x86_64 0.6.2 NOTE
r-release-windows-ix86+x86_64 0.6.2 5.00 36.00 41.00 OK
r-oldrel-macos-x86_64 0.6.2 NOTE
r-oldrel-windows-ix86+x86_64 0.6.2 7.00 37.00 44.00 OK

Check Details

Version: 0.6.2
Check: data for non-ASCII characters
Result: NOTE
     Note: found 26 marked UTF-8 strings
Flavors: r-devel-linux-x86_64-fedora-clang, r-devel-linux-x86_64-fedora-gcc, r-devel-windows-x86_64-gcc10-UCRT, r-patched-solaris-x86, r-release-macos-arm64, r-release-macos-x86_64, r-oldrel-macos-x86_64

Version: 0.6.2
Check: tests
Result: ERROR
     Running 'testthat.R' [12s]
    Running the tests in 'tests/testthat.R' failed.
    Complete output:
     > library(testthat)
     > library(mscstts)
     > library(tuneR)
     >
     > test_check("mscstts")
     == Skipped tests ===============================================================
     * On CRAN (3)
    
     == Failed tests ================================================================
     -- Error (test-regions.R:6:5): Check regions are equal to ms_regions -----------
     Error: Timeout was reached: [docs.microsoft.com] Operation timed out after 10011 milliseconds with 0 out of 0 bytes received
     Backtrace:
     x
     1. +-xml2::read_html(...) test-regions.R:6:4
     2. \-xml2:::read_html.default(...)
     3. +-base::suppressWarnings(...)
     4. | \-base::withCallingHandlers(...)
     5. +-xml2::read_xml(x, encoding = encoding, ..., as_html = TRUE, options = options)
     6. \-xml2:::read_xml.character(...)
     7. \-xml2:::read_xml.connection(...)
     8. +-base::open(x, "rb")
     9. \-base::open.connection(x, "rb")
    
     [ FAIL 1 | WARN 0 | SKIP 3 | PASS 4 ]
     Error: Test failures
     In addition: Warning message:
     In for (name in names(public_methods)) lockBinding(name, public_bind_env) :
     closing unused connection 4 (https://docs.microsoft.com/en-us/azure/cognitive-services/speech-service/regions)
     Execution halted
Flavor: r-devel-windows-x86_64

Version: 0.6.2
Check: whether package can be installed
Result: WARN
    Found the following significant warnings:
     WARNING: installation-time patches will not be applied, could not get the patches index
Flavor: r-devel-windows-x86_64-gcc10-UCRT

Version: 0.6.2
Check: PDF version of manual
Result: WARN
    LaTeX errors when creating PDF version.
    This typically indicates Rd problems.
Flavor: r-devel-windows-x86_64-gcc10-UCRT

Version: 0.6.2
Check: PDF version of manual without hyperrefs or index
Result: ERROR
    Re-running with no redirection of stdout/stderr.
Flavor: r-devel-windows-x86_64-gcc10-UCRT