CRAN Package Check Results for Package mrbayes

Last updated on 2021-08-04 07:49:44 CEST.

Flavor Version Tinstall Tcheck Ttotal Status Flags
r-devel-linux-x86_64-debian-clang 0.4.0 551.48 139.11 690.59 NOTE
r-devel-linux-x86_64-debian-gcc 0.4.0 462.33 126.55 588.88 NOTE
r-devel-linux-x86_64-fedora-clang 0.4.0 956.73 NOTE
r-devel-linux-x86_64-fedora-gcc 0.4.0 1052.12 NOTE
r-devel-windows-x86_64 0.4.0 448.00 206.00 654.00 NOTE
r-devel-windows-x86_64-gcc10-UCRT 0.4.0 NOTE
r-patched-linux-x86_64 0.4.0 528.70 157.61 686.31 NOTE
r-patched-solaris-x86 0.4.0 838.90 NOTE
r-release-linux-x86_64 0.4.0 532.00 159.83 691.83 NOTE
r-release-macos-arm64 0.4.0 ERROR
r-release-macos-x86_64 0.4.0 NOTE
r-release-windows-ix86+x86_64 0.4.0 1196.00 306.00 1502.00 NOTE
r-oldrel-macos-x86_64 0.4.0 NOTE
r-oldrel-windows-ix86+x86_64 0.4.0 882.00 348.00 1230.00 NOTE

Check Details

Version: 0.4.0
Check: for GNU extensions in Makefiles
Result: NOTE
    GNU make is a SystemRequirements.
Flavors: r-devel-linux-x86_64-debian-clang, r-devel-linux-x86_64-debian-gcc, r-devel-linux-x86_64-fedora-clang, r-devel-linux-x86_64-fedora-gcc, r-devel-windows-x86_64, r-devel-windows-x86_64-gcc10-UCRT, r-patched-linux-x86_64, r-patched-solaris-x86, r-release-linux-x86_64, r-release-macos-arm64, r-release-macos-x86_64, r-release-windows-ix86+x86_64, r-oldrel-macos-x86_64, r-oldrel-windows-ix86+x86_64

Version: 0.4.0
Check: installed package size
Result: NOTE
     installed size is 76.0Mb
     sub-directories of 1Mb or more:
     libs 75.6Mb
Flavors: r-devel-linux-x86_64-fedora-clang, r-patched-solaris-x86, r-release-macos-arm64, r-release-macos-x86_64, r-release-windows-ix86+x86_64, r-oldrel-macos-x86_64, r-oldrel-windows-ix86+x86_64

Version: 0.4.0
Check: dependencies in R code
Result: NOTE
    Namespace in Imports field not imported from: ‘rstantools’
     All declared Imports should be used.
Flavors: r-devel-linux-x86_64-fedora-clang, r-devel-linux-x86_64-fedora-gcc, r-devel-windows-x86_64-gcc10-UCRT, r-patched-solaris-x86, r-release-macos-arm64, r-release-macos-x86_64, r-oldrel-macos-x86_64

Version: 0.4.0
Check: line endings in C/C++/Fortran sources/headers
Result: NOTE
    Found the following sources/headers with CR or CRLF line endings:
     src/RcppExports.cpp
    Some Unix compilers require LF line endings.
Flavor: r-devel-windows-x86_64-gcc10-UCRT

Version: 0.4.0
Check: package dependencies
Result: NOTE
    Package suggested but not available for checking: ‘rjags’
Flavor: r-release-macos-arm64

Version: 0.4.0
Check: Rd cross-references
Result: NOTE
    Package unavailable to check Rd xrefs: ‘rjags’
Flavor: r-release-macos-arm64

Version: 0.4.0
Check: examples
Result: ERROR
    Running examples in ‘mrbayes-Ex.R’ failed
    The error most likely occurred in:
    
    > ### Name: mr_egger_rjags
    > ### Title: Bayesian implementation of the MR-Egger multivariate model with
    > ### choice of prior distributions fitted using JAGS.
    > ### Aliases: mr_egger_rjags
    >
    > ### ** Examples
    >
    > fit <- mr_egger_rjags(bmi_insulin)
    Error: Package "rjags" needed for this function to work. Please install it.
    Execution halted
Flavor: r-release-macos-arm64