CRAN Package Check Results for Package mrMLM

Last updated on 2021-07-31 07:50:49 CEST.

Flavor Version Tinstall Tcheck Ttotal Status Flags
r-devel-linux-x86_64-debian-clang 4.0.2 39.60 151.10 190.70 OK
r-devel-linux-x86_64-debian-gcc 4.0.2 31.36 111.99 143.35 OK
r-devel-linux-x86_64-fedora-clang 4.0.2 236.16 OK
r-devel-linux-x86_64-fedora-gcc 4.0.2 220.05 OK
r-devel-windows-x86_64 4.0.2 40.00 198.00 238.00 OK
r-devel-windows-x86_64-gcc10-UCRT 4.0.2 OK
r-patched-linux-x86_64 4.0.2 OK
r-patched-solaris-x86 4.0.2 324.40 OK
r-release-linux-x86_64 4.0.2 35.86 140.02 175.88 OK
r-release-macos-arm64 4.0.2 OK
r-release-macos-x86_64 4.0.2 OK
r-release-windows-ix86+x86_64 4.0.2 92.00 210.00 302.00 NOTE
r-oldrel-macos-x86_64 4.0.2 OK
r-oldrel-windows-ix86+x86_64 4.0.2 71.00 301.00 372.00 NOTE

Check Details

Version: 4.0.2
Check: installed package size
Result: NOTE
     installed size is 5.0Mb
     sub-directories of 1Mb or more:
     extdata 2.2Mb
     libs 2.0Mb
Flavors: r-release-windows-ix86+x86_64, r-oldrel-windows-ix86+x86_64