CRAN Package Check Results for Package move

Last updated on 2021-05-15 08:47:55 CEST.

Flavor Version Tinstall Tcheck Ttotal Status Flags
r-devel-linux-x86_64-debian-clang 4.0.6 34.94 343.14 378.08 OK
r-devel-linux-x86_64-debian-gcc 4.0.6 32.17 245.71 277.88 OK
r-devel-linux-x86_64-fedora-clang 4.0.6 446.66 OK
r-devel-linux-x86_64-fedora-gcc 4.0.6 447.93 OK
r-devel-windows-ix86+x86_64 4.0.6 76.00 481.00 557.00 NOTE
r-devel-windows-x86_64-gcc10-UCRT 4.0.6 OK
r-patched-linux-x86_64 4.0.6 43.53 324.56 368.09 OK
r-patched-solaris-x86 4.0.6 538.20 OK
r-release-linux-x86_64 4.0.6 32.59 316.78 349.37 OK
r-release-macos-x86_64 4.0.6 OK
r-release-windows-ix86+x86_64 4.0.6 52.00 700.00 752.00 NOTE
r-oldrel-macos-x86_64 4.0.6 OK
r-oldrel-windows-ix86+x86_64 4.0.6 45.00 664.00 709.00 NOTE

Check Details

Version: 4.0.6
Check: installed package size
Result: NOTE
     installed size is 5.5Mb
     sub-directories of 1Mb or more:
     R 1.2Mb
     libs 1.9Mb
Flavors: r-devel-windows-ix86+x86_64, r-release-windows-ix86+x86_64, r-oldrel-windows-ix86+x86_64