CRAN Package Check Results for Package mosaicData

Last updated on 2021-06-15 08:50:01 CEST.

Flavor Version Tinstall Tcheck Ttotal Status Flags
r-devel-linux-x86_64-debian-clang 0.20.2 3.62 39.29 42.91 OK
r-devel-linux-x86_64-debian-gcc 0.20.2 2.74 30.26 33.00 OK
r-devel-linux-x86_64-fedora-clang 0.20.2 61.01 NOTE
r-devel-linux-x86_64-fedora-gcc 0.20.2 49.91 NOTE
r-devel-windows-x86_64 0.20.2 7.00 66.00 73.00 OK
r-devel-windows-x86_64-gcc10-UCRT 0.20.2 NOTE
r-patched-linux-x86_64 0.20.2 4.80 37.51 42.31 OK
r-patched-solaris-x86 0.20.2 77.10 NOTE
r-release-linux-x86_64 0.20.2 3.70 37.60 41.30 OK
r-release-macos-arm64 0.20.2 NOTE
r-release-macos-x86_64 0.20.2 NOTE
r-release-windows-ix86+x86_64 0.20.2 9.00 62.00 71.00 OK
r-oldrel-macos-x86_64 0.20.2 NOTE
r-oldrel-windows-ix86+x86_64 0.20.2 8.00 64.00 72.00 OK

Check Details

Version: 0.20.2
Check: data for non-ASCII characters
Result: NOTE
     Note: found 7 marked UTF-8 strings
Flavors: r-devel-linux-x86_64-fedora-clang, r-devel-linux-x86_64-fedora-gcc, r-devel-windows-x86_64-gcc10-UCRT, r-patched-solaris-x86, r-release-macos-arm64, r-release-macos-x86_64, r-oldrel-macos-x86_64