CRAN Package Check Results for Package modules

Last updated on 2021-07-25 07:50:08 CEST.

Flavor Version Tinstall Tcheck Ttotal Status Flags
r-devel-linux-x86_64-debian-clang 0.10.0 2.36 34.05 36.41 NOTE
r-devel-linux-x86_64-debian-gcc 0.10.0 2.10 27.14 29.24 NOTE
r-devel-linux-x86_64-fedora-clang 0.10.0 52.38 NOTE
r-devel-linux-x86_64-fedora-gcc 0.10.0 98.51 NOTE
r-devel-windows-x86_64 0.10.0 4.00 40.00 44.00 NOTE
r-devel-windows-x86_64-gcc10-UCRT 0.10.0 NOTE
r-patched-linux-x86_64 0.10.0 2.82 33.73 36.55 NOTE
r-patched-solaris-x86 0.10.0 71.20 NOTE
r-release-linux-x86_64 0.10.0 2.51 33.70 36.21 NOTE
r-release-macos-arm64 0.10.0 NOTE
r-release-macos-x86_64 0.10.0 NOTE
r-release-windows-ix86+x86_64 0.10.0 6.00 39.00 45.00 NOTE
r-oldrel-macos-x86_64 0.10.0 OK
r-oldrel-windows-ix86+x86_64 0.10.0 21.00 50.00 71.00 OK

Check Details

Version: 0.10.0
Check: LazyData
Result: NOTE
     'LazyData' is specified without a 'data' directory
Flavors: r-devel-linux-x86_64-debian-clang, r-devel-linux-x86_64-debian-gcc, r-devel-linux-x86_64-fedora-clang, r-devel-linux-x86_64-fedora-gcc, r-devel-windows-x86_64, r-devel-windows-x86_64-gcc10-UCRT, r-patched-linux-x86_64, r-patched-solaris-x86, r-release-linux-x86_64, r-release-macos-arm64, r-release-macos-x86_64, r-release-windows-ix86+x86_64