CRAN Package Check Results for Package modeltools

Last updated on 2021-09-22 07:51:26 CEST.

Flavor Version Tinstall Tcheck Ttotal Status Flags
r-devel-linux-x86_64-debian-clang 0.2-23 3.92 33.53 37.45 OK
r-devel-linux-x86_64-debian-gcc 0.2-23 2.36 25.82 28.18 OK
r-devel-linux-x86_64-fedora-clang 0.2-23 53.18 OK
r-devel-linux-x86_64-fedora-gcc 0.2-23 44.00 OK
r-devel-windows-x86_64 0.2-23 8.00 41.00 49.00 OK
r-devel-windows-x86_64-gcc10-UCRT 0.2-23 ERROR
r-patched-linux-x86_64 0.2-23 3.78 32.04 35.82 OK
r-patched-solaris-x86 0.2-23 69.80 OK
r-release-linux-x86_64 0.2-23 3.68 32.26 35.94 OK
r-release-macos-arm64 0.2-23 OK
r-release-macos-x86_64 0.2-23 OK
r-release-windows-ix86+x86_64 0.2-23 10.00 36.00 46.00 OK
r-oldrel-macos-x86_64 0.2-23 OK
r-oldrel-windows-ix86+x86_64 0.2-23 10.00 40.00 50.00 OK

Check Details

Version: 0.2-23
Check: PDF version of manual
Result: WARN
    LaTeX errors when creating PDF version.
    This typically indicates Rd problems.
Flavor: r-devel-windows-x86_64-gcc10-UCRT

Version: 0.2-23
Check: PDF version of manual without hyperrefs or index
Result: ERROR
    Re-running with no redirection of stdout/stderr.
Flavor: r-devel-windows-x86_64-gcc10-UCRT