CRAN Package Check Results for Package modeltime

Last updated on 2021-06-21 07:48:50 CEST.

Flavor Version Tinstall Tcheck Ttotal Status Flags
r-devel-linux-x86_64-debian-clang 0.6.1 19.94 458.47 478.41 OK
r-devel-linux-x86_64-debian-gcc 0.6.1 14.55 321.89 336.44 OK
r-devel-linux-x86_64-fedora-clang 0.6.1 549.69 NOTE
r-devel-linux-x86_64-fedora-gcc 0.6.1 529.12 OK
r-devel-windows-x86_64 0.6.1 28.00 396.00 424.00 OK
r-devel-windows-x86_64-gcc10-UCRT 0.6.1 ERROR
r-patched-linux-x86_64 0.6.1 24.68 419.72 444.40 OK
r-patched-solaris-x86 0.6.1 755.90 OK
r-release-linux-x86_64 0.6.1 15.36 421.14 436.50 OK
r-release-macos-arm64 0.6.1 OK
r-release-macos-x86_64 0.6.1 WARN
r-release-windows-ix86+x86_64 0.6.1 38.00 511.00 549.00 OK
r-oldrel-macos-x86_64 0.6.1 WARN

Check Details

Version: 0.6.1
Check: package dependencies
Result: NOTE
    Imports includes 28 non-default packages.
    Importing from so many packages makes the package vulnerable to any of
    them becoming unavailable. Move as many as possible to Suggests and
    use conditionally.
Flavor: r-devel-linux-x86_64-fedora-clang

Version: 0.6.1
Check: package dependencies
Result: ERROR
    Packages required but not available:
     'timetk', 'plotly', 'forecast', 'prophet'
    
    Packages suggested but not available for checking:
     'rstan', 'tidyverse', 'tidyquant', 'qpdf', 'covr'
    
    See section 'The DESCRIPTION file' in the 'Writing R Extensions'
    manual.
Flavor: r-devel-windows-x86_64-gcc10-UCRT

Version: 0.6.1
Check: re-building of vignette outputs
Result: WARN
    Error(s) in re-building vignettes:
    --- re-building ‘getting-started-with-modeltime.Rmd’ using rmarkdown
    Warning in engine$weave(file, quiet = quiet, encoding = enc) :
     Pandoc (>= 1.12.3) not available. Falling back to R Markdown v1.
    ── Attaching packages ────────────────────────────────────── tidymodels 0.1.3 ──
    ✔ broom 0.7.7 ✔ recipes 0.1.16
    ✔ dials 0.0.9 ✔ rsample 0.1.0
    ✔ dplyr 1.0.6 ✔ tibble 3.1.2
    ✔ ggplot2 3.3.3 ✔ tidyr 1.1.3
    ✔ infer 0.5.4 ✔ tune 0.1.5
    ✔ modeldata 0.1.0 ✔ workflows 0.2.2
    ✔ parsnip 0.1.6 ✔ workflowsets 0.0.2
    ✔ purrr 0.3.4 ✔ yardstick 0.0.8
    ── Conflicts ───────────────────────────────────────── tidymodels_conflicts() ──
    ✖ purrr::discard() masks scales::discard()
    ✖ dplyr::filter() masks stats::filter()
    ✖ dplyr::lag() masks stats::lag()
    ✖ dplyr::slice() masks xgboost::slice()
    ✖ recipes::step() masks stats::step()
    • Use tidymodels_prefer() to resolve common conflicts.
    ── Attaching packages ─────────────────────────────────────── tidyverse 1.3.1 ──
    ✔ readr 1.4.0 ✔ forcats 0.5.1
    ✔ stringr 1.4.0
    ── Conflicts ────────────────────────────────────────── tidyverse_conflicts() ──
    ✖ readr::col_factor() masks scales::col_factor()
    ✖ purrr::discard() masks scales::discard()
    ✖ dplyr::filter() masks stats::filter()
    ✖ stringr::fixed() masks recipes::fixed()
    ✖ dplyr::lag() masks stats::lag()
    ✖ dplyr::slice() masks xgboost::slice()
    ✖ readr::spec() masks yardstick::spec()
    
    Attaching package: 'lubridate'
    
    The following objects are masked from 'package:base':
    
     date, intersect, setdiff, union
    
    
     *** caught segfault ***
    address 0x10e55dffc, cause 'memory not mapped'
    
    Traceback:
     1: dev.off(dv)
     2: eng_r(options)
     3: block_exec(params)
     4: call_block(x)
     5: process_group.block(group)
     6: process_group(group)
     7: withCallingHandlers(if (tangle) process_tangle(group) else process_group(group), error = function(e) { setwd(wd) cat(res, sep = "\n", file = output %n% "") message("Quitting from lines ", paste(current_lines(i), collapse = "-"), " (", knit_concord$get("infile"), ") ") })
     8: process_file(text, output)
     9: knit(input, text = text, envir = envir, quiet = quiet)
    10: (if (grepl("\\.[Rr]md$", file)) knit2html else if (grepl("\\.[Rr]rst$", file)) knit2pandoc else knit)(file, encoding = encoding, quiet = quiet, envir = globalenv(), ...)
    11: vweave(...)
    12: engine$weave(file, quiet = quiet, encoding = enc)
    13: doTryCatch(return(expr), name, parentenv, handler)
    14: tryCatchOne(expr, names, parentenv, handlers[[1L]])
    15: tryCatchList(expr, classes, parentenv, handlers)
    16: tryCatch({ engine$weave(file, quiet = quiet, encoding = enc) setwd(startdir) output <- find_vignette_product(name, by = "weave", engine = engine) if (!have.makefile && vignette_is_tex(output)) { texi2pdf(file = output, clean = FALSE, quiet = quiet) output <- find_vignette_product(name, by = "texi2pdf", engine = engine) } outputs <- c(outputs, output)}, error = function(e) { thisOK <<- FALSE fails <<- c(fails, file) message(gettextf("Error: processing vignette '%s' failed with diagnostics:\n%s", file, conditionMessage(e)))})
    17: tools:::buildVignettes(dir = "/Volumes/Builds/packages/high-sierra-x86_64/results/4.1/modeltime.Rcheck/vign_test/modeltime", ser_elibs = "/Volumes/Temp/tmp/Rtmpf0ybme/file163e97872fb4a.rds")
    An irrecoverable exception occurred. R is aborting now ...
Flavor: r-release-macos-x86_64

Version: 0.6.1
Check: re-building of vignette outputs
Result: WARN
    Error(s) in re-building vignettes:
    --- re-building ‘getting-started-with-modeltime.Rmd’ using rmarkdown
    Warning in engine$weave(file, quiet = quiet, encoding = enc) :
     Pandoc (>= 1.12.3) not available. Falling back to R Markdown v1.
    ── Attaching packages ────────────────────────────────────── tidymodels 0.1.3 ──
    ✔ broom 0.7.7 ✔ recipes 0.1.16
    ✔ dials 0.0.9 ✔ rsample 0.1.0
    ✔ dplyr 1.0.6 ✔ tibble 3.1.2
    ✔ ggplot2 3.3.3 ✔ tidyr 1.1.3
    ✔ infer 0.5.4 ✔ tune 0.1.5
    ✔ modeldata 0.1.0 ✔ workflows 0.2.2
    ✔ parsnip 0.1.6 ✔ workflowsets 0.0.2
    ✔ purrr 0.3.4 ✔ yardstick 0.0.8
    ── Conflicts ───────────────────────────────────────── tidymodels_conflicts() ──
    ✖ purrr::discard() masks scales::discard()
    ✖ dplyr::filter() masks stats::filter()
    ✖ dplyr::lag() masks stats::lag()
    ✖ dplyr::slice() masks xgboost::slice()
    ✖ recipes::step() masks stats::step()
    • Use tidymodels_prefer() to resolve common conflicts.
    ── Attaching packages ─────────────────────────────────────── tidyverse 1.3.1 ──
    ✔ readr 1.4.0 ✔ forcats 0.5.1
    ✔ stringr 1.4.0
    ── Conflicts ────────────────────────────────────────── tidyverse_conflicts() ──
    ✖ readr::col_factor() masks scales::col_factor()
    ✖ purrr::discard() masks scales::discard()
    ✖ dplyr::filter() masks stats::filter()
    ✖ stringr::fixed() masks recipes::fixed()
    ✖ dplyr::lag() masks stats::lag()
    ✖ dplyr::slice() masks xgboost::slice()
    ✖ readr::spec() masks yardstick::spec()
    
    Attaching package: 'lubridate'
    
    The following objects are masked from 'package:base':
    
     date, intersect, setdiff, union
    
    
     *** caught segfault ***
    address 0x110df7ffc, cause 'memory not mapped'
    
    Traceback:
     1: dev.off(dv)
     2: eng_r(options)
     3: block_exec(params)
     4: call_block(x)
     5: process_group.block(group)
     6: process_group(group)
     7: withCallingHandlers(if (tangle) process_tangle(group) else process_group(group), error = function(e) { setwd(wd) cat(res, sep = "\n", file = output %n% "") message("Quitting from lines ", paste(current_lines(i), collapse = "-"), " (", knit_concord$get("infile"), ") ") })
     8: process_file(text, output)
     9: knit(input, text = text, envir = envir, quiet = quiet)
    10: (if (grepl("\\.[Rr]md$", file)) knit2html else if (grepl("\\.[Rr]rst$", file)) knit2pandoc else knit)(file, encoding = encoding, quiet = quiet, envir = globalenv(), ...)
    11: vweave(...)
    12: engine$weave(file, quiet = quiet, encoding = enc)
    13: doTryCatch(return(expr), name, parentenv, handler)
    14: tryCatchOne(expr, names, parentenv, handlers[[1L]])
    15: tryCatchList(expr, classes, parentenv, handlers)
    16: tryCatch({ engine$weave(file, quiet = quiet, encoding = enc) setwd(startdir) output <- find_vignette_product(name, by = "weave", engine = engine) if (!have.makefile && vignette_is_tex(output)) { texi2pdf(file = output, clean = FALSE, quiet = quiet) output <- find_vignette_product(name, by = "texi2pdf", engine = engine) } outputs <- c(outputs, output)}, error = function(e) { thisOK <<- FALSE fails <<- c(fails, file) message(gettextf("Error: processing vignette '%s' failed with diagnostics:\n%s", file, conditionMessage(e)))})
    17: tools:::buildVignettes(dir = "/Volumes/Builds/packages/high-sierra-x86_64/results/4.0/modeltime.Rcheck/vign_test/modeltime", ser_elibs = "/Volumes/Temp/tmp/Rtmpn9EfhB/file2914521ac8c7.rds")
    An irrecoverable exception occurred. R is aborting now ...
Flavor: r-oldrel-macos-x86_64