CRAN Package Check Results for Package modelbased

Last updated on 2021-05-12 07:48:31 CEST.

Flavor Version Tinstall Tcheck Ttotal Status Flags
r-devel-linux-x86_64-debian-clang 0.6.0 4.16 340.43 344.59 OK
r-devel-linux-x86_64-debian-gcc 0.6.0 4.43 203.03 207.46 OK
r-devel-linux-x86_64-fedora-clang 0.6.0 399.32 OK
r-devel-linux-x86_64-fedora-gcc 0.6.0 426.10 OK
r-devel-windows-ix86+x86_64 0.6.0 16.00 320.00 336.00 OK
r-devel-windows-x86_64-gcc10-UCRT 0.6.0 OK
r-patched-linux-x86_64 0.6.0 4.98 272.23 277.21 OK
r-patched-solaris-x86 0.6.0 644.10 OK
r-release-linux-x86_64 0.6.0 5.45 211.71 217.16 OK
r-release-macos-x86_64 0.6.0 OK
r-release-windows-ix86+x86_64 0.6.0 15.00 265.00 280.00 OK
r-oldrel-macos-x86_64 0.6.0 ERROR
r-oldrel-windows-ix86+x86_64 0.6.0 18.00 315.00 333.00 OK

Check Details

Version: 0.6.0
Check: package dependencies
Result: ERROR
    Package required and available but unsuitable version: ‘bayestestR’
    
    See section ‘The DESCRIPTION file’ in the ‘Writing R Extensions’
    manual.
Flavor: r-oldrel-macos-x86_64