CRAN Package Check Results for Package mmmgee

Last updated on 2021-07-28 07:49:31 CEST.

Flavor Version Tinstall Tcheck Ttotal Status Flags
r-devel-linux-x86_64-debian-clang 1.20 OK
r-devel-linux-x86_64-debian-gcc 1.20 7.37 58.01 65.38 OK
r-devel-linux-x86_64-fedora-clang 1.20 109.53 NOTE
r-devel-linux-x86_64-fedora-gcc 1.20 99.44 OK
r-devel-windows-x86_64 1.20 13.00 77.00 90.00 OK
r-devel-windows-x86_64-gcc10-UCRT 1.20 OK
r-patched-linux-x86_64 1.20 7.85 74.11 81.96 OK
r-patched-solaris-x86 1.20 143.80 OK
r-release-linux-x86_64 1.20 9.40 72.91 82.31 OK
r-release-macos-arm64 1.20 OK
r-release-macos-x86_64 1.20 OK
r-release-windows-ix86+x86_64 1.20 18.00 66.00 84.00 OK
r-oldrel-macos-x86_64 1.20 OK
r-oldrel-windows-ix86+x86_64 1.20 15.00 93.00 108.00 OK

Check Details

Version: 1.20
Check: Rd cross-references
Result: NOTE
    Undeclared package ‘geeM’ in Rd xrefs
Flavor: r-devel-linux-x86_64-fedora-clang