CRAN Package Check Results for Package mlr3oml

Last updated on 2021-08-03 07:54:31 CEST.

Flavor Version Tinstall Tcheck Ttotal Status Flags
r-devel-linux-x86_64-debian-clang 0.4.3 6.55 51.09 57.64 OK
r-devel-linux-x86_64-debian-gcc 0.4.3 4.97 38.18 43.15 OK
r-devel-linux-x86_64-fedora-clang 0.4.3 80.17 OK
r-devel-linux-x86_64-fedora-gcc 0.4.3 65.96 OK
r-devel-windows-x86_64 0.4.3 9.00 69.00 78.00 OK
r-devel-windows-x86_64-gcc10-UCRT 0.4.3 OK
r-patched-linux-x86_64 0.4.3 9.60 46.76 56.36 OK
r-patched-solaris-x86 0.4.3 100.50 NOTE
r-release-linux-x86_64 0.4.3 6.36 47.52 53.88 OK
r-release-macos-arm64 0.4.3 ERROR
r-release-macos-x86_64 0.4.3 OK
r-release-windows-ix86+x86_64 0.4.3 18.00 85.00 103.00 OK
r-oldrel-macos-x86_64 0.4.3 OK
r-oldrel-windows-ix86+x86_64 0.4.3 12.00 90.00 102.00 OK

Check Details

Version: 0.4.3
Check: package dependencies
Result: NOTE
    Package suggested but not available for checking: ‘RWeka’
Flavor: r-patched-solaris-x86

Version: 0.4.3
Check: tests
Result: ERROR
     Running ‘testthat.R’ [1s/1s]
    Running the tests in ‘tests/testthat.R’ failed.
    Complete output:
     > library(testthat)
     > library(checkmate)
     > # library(mlr3oml)
     >
     > test_check("mlr3oml")
     Loading required package: mlr3oml
Flavor: r-release-macos-arm64