CRAN Package Check Results for Package mlr3benchmark

Last updated on 2021-08-05 07:49:37 CEST.

Flavor Version Tinstall Tcheck Ttotal Status Flags
r-devel-linux-x86_64-debian-clang 0.1.2 5.20 68.49 73.69 OK
r-devel-linux-x86_64-debian-gcc 0.1.2 4.56 49.63 54.19 OK
r-devel-linux-x86_64-fedora-clang 0.1.2 91.47 OK
r-devel-linux-x86_64-fedora-gcc 0.1.2 81.94 OK
r-devel-windows-x86_64 0.1.2 11.00 86.00 97.00 OK
r-devel-windows-x86_64-gcc10-UCRT 0.1.2 ERROR
r-patched-linux-x86_64 0.1.2 9.66 62.17 71.83 OK
r-patched-solaris-x86 0.1.2 125.00 OK
r-release-linux-x86_64 0.1.2 4.86 63.77 68.63 OK
r-release-macos-arm64 0.1.2 OK
r-release-macos-x86_64 0.1.2 OK
r-release-windows-ix86+x86_64 0.1.2 14.00 64.00 78.00 OK
r-oldrel-macos-x86_64 0.1.2 OK
r-oldrel-windows-ix86+x86_64 0.1.2 20.00 85.00 105.00 OK

Check Details

Version: 0.1.2
Check: package dependencies
Result: ERROR
    Package required but not available: 'ggplot2'
    
    Package suggested but not available for checking: 'testthat'
    
    See section 'The DESCRIPTION file' in the 'Writing R Extensions'
    manual.
Flavor: r-devel-windows-x86_64-gcc10-UCRT