CRAN Package Check Results for Package mixture

Last updated on 2021-09-19 07:50:31 CEST.

Flavor Version Tinstall Tcheck Ttotal Status Flags
r-devel-linux-x86_64-debian-clang 2.0.4 95.92 42.46 138.38 OK
r-devel-linux-x86_64-debian-gcc 2.0.4 65.66 34.05 99.71 OK
r-devel-linux-x86_64-fedora-clang 2.0.4 229.75 NOTE
r-devel-linux-x86_64-fedora-gcc 2.0.4 180.42 OK
r-devel-windows-x86_64 2.0.4 73.00 80.00 153.00 OK
r-devel-windows-x86_64-gcc10-UCRT 2.0.4 ERROR
r-patched-linux-x86_64 2.0.4 73.56 41.56 115.12 OK
r-patched-solaris-x86 2.0.4 157.30 OK
r-release-linux-x86_64 2.0.4 77.04 42.16 119.20 OK
r-release-macos-arm64 2.0.4 NOTE
r-release-macos-x86_64 2.0.4 NOTE
r-release-windows-ix86+x86_64 2.0.4 189.00 68.00 257.00 OK
r-oldrel-macos-x86_64 2.0.4 NOTE
r-oldrel-windows-ix86+x86_64 2.0.4 190.00 76.00 266.00 OK

Check Details

Version: 2.0.4
Check: installed package size
Result: NOTE
     installed size is 11.0Mb
     sub-directories of 1Mb or more:
     libs 10.6Mb
Flavors: r-devel-linux-x86_64-fedora-clang, r-release-macos-arm64, r-release-macos-x86_64, r-oldrel-macos-x86_64

Version: 2.0.4
Check: whether package can be installed
Result: ERROR
    Installation failed.
Flavor: r-devel-windows-x86_64-gcc10-UCRT