CRAN Package Check Results for Package mixSPE

Last updated on 2021-07-24 07:49:31 CEST.

Flavor Version Tinstall Tcheck Ttotal Status Flags
r-devel-linux-x86_64-debian-clang 0.9.1 3.65 41.07 44.72 NOTE
r-devel-linux-x86_64-debian-gcc 0.9.1 2.58 30.47 33.05 NOTE
r-devel-linux-x86_64-fedora-clang 0.9.1 62.43 NOTE
r-devel-linux-x86_64-fedora-gcc 0.9.1 52.29 NOTE
r-devel-windows-x86_64 0.9.1 6.00 44.00 50.00 NOTE
r-devel-windows-x86_64-gcc10-UCRT 0.9.1 NOTE
r-patched-linux-x86_64 0.9.1 3.32 39.48 42.80 NOTE
r-patched-solaris-x86 0.9.1 73.10 NOTE
r-release-linux-x86_64 0.9.1 3.13 39.27 42.40 NOTE
r-release-macos-arm64 0.9.1 NOTE
r-release-macos-x86_64 0.9.1 NOTE
r-release-windows-ix86+x86_64 0.9.1 8.00 41.00 49.00 NOTE
r-oldrel-macos-x86_64 0.9.1 OK
r-oldrel-windows-ix86+x86_64 0.9.1 21.00 60.00 81.00 OK

Check Details

Version: 0.9.1
Check: LazyData
Result: NOTE
     'LazyData' is specified without a 'data' directory
Flavors: r-devel-linux-x86_64-debian-clang, r-devel-linux-x86_64-debian-gcc, r-devel-linux-x86_64-fedora-clang, r-devel-linux-x86_64-fedora-gcc, r-devel-windows-x86_64, r-devel-windows-x86_64-gcc10-UCRT, r-patched-linux-x86_64, r-patched-solaris-x86, r-release-linux-x86_64, r-release-macos-arm64, r-release-macos-x86_64, r-release-windows-ix86+x86_64