CRAN Package Check Results for Package mistral

Last updated on 2021-08-03 07:54:31 CEST.

Flavor Version Tinstall Tcheck Ttotal Status Flags
r-devel-linux-x86_64-debian-clang 2.2.1 37.10 468.79 505.89 OK
r-devel-linux-x86_64-debian-gcc 2.2.1 25.46 346.58 372.04 OK
r-devel-linux-x86_64-fedora-clang 2.2.1 690.83 OK
r-devel-linux-x86_64-fedora-gcc 2.2.1 627.82 OK
r-devel-windows-x86_64 2.2.1 35.00 610.00 645.00 OK
r-devel-windows-x86_64-gcc10-UCRT 2.2.1 OK
r-patched-linux-x86_64 2.2.1 33.35 541.13 574.48 OK
r-patched-solaris-x86 2.2.1 780.00 OK
r-release-linux-x86_64 2.2.1 27.69 430.93 458.62 OK
r-release-macos-arm64 2.2.1 WARN
r-release-macos-x86_64 2.2.1 OK
r-release-windows-ix86+x86_64 2.2.1 73.00 764.00 837.00 OK
r-oldrel-macos-x86_64 2.2.1 OK
r-oldrel-windows-ix86+x86_64 2.2.1 57.00 554.00 611.00 OK

Check Details

Version: 2.2.1
Check: re-building of vignette outputs
Result: WARN
    Error(s) in re-building vignettes:
     ...
    --- re-building ‘mistral-vignette.Rmd’ using rmarkdown
    Warning in engine$weave(file, quiet = quiet, encoding = enc) :
     Pandoc (>= 1.12.3) not available. Falling back to R Markdown v1.
    Quitting from lines 252-255 (mistral-vignette.Rmd)
    Error: processing vignette 'mistral-vignette.Rmd' failed with diagnostics:
    polygon edge not found
    --- failed re-building ‘mistral-vignette.Rmd’
    
    SUMMARY: processing the following file failed:
     ‘mistral-vignette.Rmd’
    
    Error: Vignette re-building failed.
    Execution halted
Flavor: r-release-macos-arm64