CRAN Package Check Results for Package minimaxdesign

Last updated on 2021-10-18 07:49:48 CEST.

Flavor Version Tinstall Tcheck Ttotal Status Flags
r-devel-linux-x86_64-debian-clang 0.1.5 66.02 29.53 95.55 OK
r-devel-linux-x86_64-debian-gcc 0.1.5 51.28 23.07 74.35 OK
r-devel-linux-x86_64-fedora-clang 0.1.5 162.72 NOTE
r-devel-linux-x86_64-fedora-gcc 0.1.5 139.62 NOTE
r-devel-windows-x86_64 0.1.5 96.00 59.00 155.00 OK
r-devel-windows-x86_64-gcc10-UCRT 0.1.5 NOTE
r-patched-linux-x86_64 0.1.5 62.13 28.87 91.00 OK
r-patched-solaris-x86 0.1.5 141.90 NOTE
r-release-linux-x86_64 0.1.5 59.18 28.67 87.85 OK
r-release-macos-arm64 0.1.5 NOTE
r-release-macos-x86_64 0.1.5 NOTE
r-release-windows-ix86+x86_64 0.1.5 140.00 73.00 213.00 OK
r-oldrel-macos-x86_64 0.1.5 NOTE
r-oldrel-windows-ix86+x86_64 0.1.5 186.00 78.00 264.00 OK

Check Details

Version: 0.1.5
Check: dependencies in R code
Result: NOTE
    Namespaces in Imports field not imported from:
     ‘DiceDesign’ ‘MaxPro’ ‘doSNOW’ ‘gmp’ ‘jpeg’
     All declared Imports should be used.
Flavors: r-devel-linux-x86_64-fedora-clang, r-devel-linux-x86_64-fedora-gcc, r-devel-windows-x86_64-gcc10-UCRT, r-patched-solaris-x86, r-release-macos-arm64, r-release-macos-x86_64, r-oldrel-macos-x86_64