CRAN Package Check Results for Package mimsy

Last updated on 2021-09-22 07:51:25 CEST.

Flavor Version Tinstall Tcheck Ttotal Status Flags
r-devel-linux-x86_64-debian-clang 0.6.2 7.33 63.55 70.88 NOTE
r-devel-linux-x86_64-debian-gcc 0.6.2 5.71 47.39 53.10 NOTE
r-devel-linux-x86_64-fedora-clang 0.6.2 91.36 NOTE
r-devel-linux-x86_64-fedora-gcc 0.6.2 80.39 NOTE
r-devel-windows-x86_64 0.6.2 9.00 64.00 73.00 NOTE
r-devel-windows-x86_64-gcc10-UCRT 0.6.2 ERROR
r-patched-linux-x86_64 0.6.2 7.42 58.27 65.69 NOTE
r-patched-solaris-x86 0.6.2 108.10 NOTE
r-release-linux-x86_64 0.6.2 7.68 58.09 65.77 NOTE
r-release-macos-arm64 0.6.2 NOTE
r-release-macos-x86_64 0.6.2 NOTE
r-release-windows-ix86+x86_64 0.6.2 16.00 57.00 73.00 NOTE
r-oldrel-macos-x86_64 0.6.2 OK
r-oldrel-windows-ix86+x86_64 0.6.2 11.00 58.00 69.00 OK

Check Details

Version: 0.6.2
Check: LazyData
Result: NOTE
     'LazyData' is specified without a 'data' directory
Flavors: r-devel-linux-x86_64-debian-clang, r-devel-linux-x86_64-debian-gcc, r-devel-linux-x86_64-fedora-clang, r-devel-linux-x86_64-fedora-gcc, r-devel-windows-x86_64, r-devel-windows-x86_64-gcc10-UCRT, r-patched-linux-x86_64, r-patched-solaris-x86, r-release-linux-x86_64, r-release-macos-arm64, r-release-macos-x86_64, r-release-windows-ix86+x86_64

Version: 0.6.2
Check: package dependencies
Result: NOTE
    Package suggested but not available for checking: 'kableExtra'
Flavor: r-devel-windows-x86_64-gcc10-UCRT

Version: 0.6.2
Check: re-building of vignette outputs
Result: WARN
    Error(s) in re-building vignettes:
    --- re-building 'mimsy.Rmd' using rmarkdown
    Quitting from lines 12-20 (mimsy.Rmd)
    Error: processing vignette 'mimsy.Rmd' failed with diagnostics:
    there is no package called 'kableExtra'
    --- failed re-building 'mimsy.Rmd'
    
    SUMMARY: processing the following file failed:
     'mimsy.Rmd'
    
    Error: Vignette re-building failed.
    Execution halted
Flavor: r-devel-windows-x86_64-gcc10-UCRT

Version: 0.6.2
Check: PDF version of manual
Result: WARN
    LaTeX errors when creating PDF version.
    This typically indicates Rd problems.
Flavor: r-devel-windows-x86_64-gcc10-UCRT

Version: 0.6.2
Check: PDF version of manual without hyperrefs or index
Result: ERROR
    Re-running with no redirection of stdout/stderr.
Flavor: r-devel-windows-x86_64-gcc10-UCRT