CRAN Package Check Results for Package micromap

Last updated on 2021-07-31 07:50:48 CEST.

Flavor Version Tinstall Tcheck Ttotal Status Flags
r-devel-linux-x86_64-debian-clang 1.9.4 8.48 176.15 184.63 OK
r-devel-linux-x86_64-debian-gcc 1.9.4 7.67 126.47 134.14 OK
r-devel-linux-x86_64-fedora-clang 1.9.4 226.55 OK
r-devel-linux-x86_64-fedora-gcc 1.9.4 208.49 OK
r-devel-windows-x86_64 1.9.4 15.00 244.00 259.00 OK
r-devel-windows-x86_64-gcc10-UCRT 1.9.4 OK
r-patched-linux-x86_64 1.9.4 OK
r-patched-solaris-x86 1.9.4 293.70 OK
r-release-linux-x86_64 1.9.4 8.22 163.23 171.45 OK
r-release-macos-arm64 1.9.4 ERROR
r-release-macos-x86_64 1.9.4 OK
r-release-windows-ix86+x86_64 1.9.4 26.00 250.00 276.00 OK
r-oldrel-macos-x86_64 1.9.4 OK
r-oldrel-windows-ix86+x86_64 1.9.4 21.00 265.00 286.00 OK

Check Details

Version: 1.9.4
Check: running R code from vignettes
Result: ERROR
    Errors in running code in vignettes:
    when running code in ‘Introduction_Guide.Rnw’
     ...
    5 AK 1 1 4 15 0 1 0
    6 AK 1 1 4 17 0 1 0
    
    > mmplot(stat.data = edPov, map.data = statePolys, panel.types = c("labels",
    + "dot", "dot", "map"), panel.data = list("state", "pov", "ed",
    + .... [TRUNCATED]
    
     When sourcing ‘Introduction_Guide.R’:
    Error: polygon edge not found
    Execution halted
    
     ‘Introduction_Guide.Rnw’... failed
Flavor: r-release-macos-arm64

Version: 1.9.4
Check: re-building of vignette outputs
Result: NOTE
    Error(s) in re-building vignettes:
    --- re-building ‘Introduction_Guide.Rnw’ using Sweave
    Loading required package: maptools
    Loading required package: sp
    Checking rgeos availability: TRUE
    Loading required package: RColorBrewer
    Loading required package: rgdal
    rgdal: version: 1.5-23, (SVN revision 1121)
    Geospatial Data Abstraction Library extensions to R successfully loaded
    Loaded GDAL runtime: GDAL 3.2.3, released 2021/04/27
    Path to GDAL shared files: /Volumes/Builds/packages/big-sur-arm64/Rlib/4.1/rgdal/gdal
    GDAL binary built with GEOS: TRUE
    Loaded PROJ runtime: Rel. 7.2.1, January 1st, 2021, [PJ_VERSION: 721]
    Path to PROJ shared files: /Volumes/Builds/packages/big-sur-arm64/Rlib/4.1/rgdal/proj
    PROJ CDN enabled: FALSE
    Linking to sp version:1.4-5
    To mute warnings of possible GDAL/OSR exportToProj4() degradation,
    use options("rgdal_show_exportToProj4_warnings"="none") before loading rgdal.
    Overwritten PROJ_LIB was /Volumes/Builds/packages/big-sur-arm64/Rlib/4.1/rgdal/proj
    
    Error: processing vignette 'Introduction_Guide.Rnw' failed with diagnostics:
     chunk 5 (label = fig1)
    Error in grid.Call(C_textBounds, as.graphicsAnnot(x$label), x$x, x$y, :
     polygon edge not found
    
    --- failed re-building ‘Introduction_Guide.Rnw’
    
    SUMMARY: processing the following file failed:
     ‘Introduction_Guide.Rnw’
    
    Error: Vignette re-building failed.
    Execution halted
Flavor: r-release-macos-arm64