CRAN Package Check Results for Package miWQS

Last updated on 2021-05-16 07:48:49 CEST.

Flavor Version Tinstall Tcheck Ttotal Status Flags
r-devel-linux-x86_64-debian-clang 0.4.4 17.25 167.78 185.03 OK
r-devel-linux-x86_64-debian-gcc 0.4.4 12.97 123.40 136.37 OK
r-devel-linux-x86_64-fedora-clang 0.4.4 240.87 NOTE
r-devel-linux-x86_64-fedora-gcc 0.4.4 226.61 NOTE
r-devel-windows-ix86+x86_64 0.4.4 40.00 152.00 192.00 OK
r-devel-windows-x86_64-gcc10-UCRT 0.4.4 OK
r-patched-linux-x86_64 0.4.4 20.40 158.62 179.02 OK
r-patched-solaris-x86 0.4.4 291.60 OK
r-release-linux-x86_64 0.4.4 14.70 154.88 169.58 OK
r-release-macos-x86_64 0.4.4 OK
r-release-windows-ix86+x86_64 0.4.4 27.00 221.00 248.00 OK
r-oldrel-macos-x86_64 0.4.4 OK
r-oldrel-windows-ix86+x86_64 0.4.4 22.00 210.00 232.00 OK

Check Details

Version: 0.4.4
Check: for detritus in the temp directory
Result: NOTE
    Found the following files/directories:
     ‘par-7269706c6579’
Flavors: r-devel-linux-x86_64-fedora-clang, r-devel-linux-x86_64-fedora-gcc