CRAN Package Check Results for Package metamicrobiomeR

Last updated on 2021-05-12 07:48:30 CEST.

Flavor Version Tinstall Tcheck Ttotal Status Flags
r-devel-linux-x86_64-debian-clang 1.2 16.52 182.49 199.01 OK
r-devel-linux-x86_64-debian-gcc 1.2 11.13 132.28 143.41 OK
r-devel-linux-x86_64-fedora-clang 1.2 237.17 NOTE
r-devel-linux-x86_64-fedora-gcc 1.2 227.00 NOTE
r-devel-windows-ix86+x86_64 1.2 35.00 214.00 249.00 OK
r-devel-windows-x86_64-gcc10-UCRT 1.2 NOTE
r-patched-linux-x86_64 1.2 12.37 172.10 184.47 OK
r-patched-solaris-x86 1.2 329.50 NOTE
r-release-linux-x86_64 1.2 12.66 170.19 182.85 OK
r-release-macos-x86_64 1.2 NOTE
r-release-windows-ix86+x86_64 1.2 22.00 173.00 195.00 OK
r-oldrel-macos-x86_64 1.2 ERROR

Check Details

Version: 1.2
Check: dependencies in R code
Result: NOTE
    Namespace in Imports field not imported from: ‘lmerTest’
     All declared Imports should be used.
Flavors: r-devel-linux-x86_64-fedora-clang, r-devel-linux-x86_64-fedora-gcc, r-devel-windows-x86_64-gcc10-UCRT, r-patched-solaris-x86, r-release-macos-x86_64

Version: 1.2
Check: whether package can be installed
Result: ERROR
    Installation failed.
Flavor: r-oldrel-macos-x86_64