CRAN Package Check Results for Package metamer

Last updated on 2021-07-31 07:50:48 CEST.

Flavor Version Tinstall Tcheck Ttotal Status Flags
r-devel-linux-x86_64-debian-clang 0.2.0 2.79 36.38 39.17 NOTE
r-devel-linux-x86_64-debian-gcc 0.2.0 2.04 28.25 30.29 NOTE
r-devel-linux-x86_64-fedora-clang 0.2.0 56.58 NOTE
r-devel-linux-x86_64-fedora-gcc 0.2.0 44.67 NOTE
r-devel-windows-x86_64 0.2.0 3.00 54.00 57.00 NOTE
r-devel-windows-x86_64-gcc10-UCRT 0.2.0 NOTE
r-patched-linux-x86_64 0.2.0 NOTE
r-patched-solaris-x86 0.2.0 67.70 NOTE
r-release-linux-x86_64 0.2.0 2.58 35.37 37.95 NOTE
r-release-macos-arm64 0.2.0 NOTE
r-release-macos-x86_64 0.2.0 NOTE
r-release-windows-ix86+x86_64 0.2.0 6.00 56.00 62.00 NOTE
r-oldrel-macos-x86_64 0.2.0 OK
r-oldrel-windows-ix86+x86_64 0.2.0 5.00 54.00 59.00 OK

Check Details

Version: 0.2.0
Check: LazyData
Result: NOTE
     'LazyData' is specified without a 'data' directory
Flavors: r-devel-linux-x86_64-debian-clang, r-devel-linux-x86_64-debian-gcc, r-devel-linux-x86_64-fedora-clang, r-devel-linux-x86_64-fedora-gcc, r-devel-windows-x86_64, r-devel-windows-x86_64-gcc10-UCRT, r-patched-linux-x86_64, r-patched-solaris-x86, r-release-linux-x86_64, r-release-macos-arm64, r-release-macos-x86_64, r-release-windows-ix86+x86_64