CRAN Package Check Results for Package metajam

Last updated on 2021-06-19 07:48:55 CEST.

Flavor Version Tinstall Tcheck Ttotal Status Flags
r-devel-linux-x86_64-debian-clang 0.2.3 11.74 104.70 116.44 OK
r-devel-linux-x86_64-debian-gcc 0.2.3 8.62 80.24 88.86 OK
r-devel-linux-x86_64-fedora-clang 0.2.3 147.12 OK
r-devel-linux-x86_64-fedora-gcc 0.2.3 134.08 OK
r-devel-windows-x86_64 0.2.3 18.00 136.00 154.00 OK
r-devel-windows-x86_64-gcc10-UCRT 0.2.3 OK
r-patched-linux-x86_64 0.2.3 11.67 97.07 108.74 OK
r-patched-solaris-x86 0.2.3 207.60 OK
r-release-linux-x86_64 0.2.3 10.03 101.23 111.26 OK
r-release-macos-arm64 0.2.3 WARN
r-release-macos-x86_64 0.2.3 WARN
r-release-windows-ix86+x86_64 0.2.3 28.00 139.00 167.00 OK
r-oldrel-macos-x86_64 0.2.3 OK
r-oldrel-windows-ix86+x86_64 0.2.3 20.00 138.00 158.00 OK

Check Details

Version: 0.2.3
Check: package dependencies
Result: NOTE
    Package suggested but not available for checking: ‘udunits2’
Flavors: r-release-macos-arm64, r-release-macos-x86_64

Version: 0.2.3
Check: re-building of vignette outputs
Result: WARN
    Error(s) in re-building vignettes:
    --- re-building ‘dataset-batch-processing.Rmd’ using rmarkdown
    Warning in engine$weave(file, quiet = quiet, encoding = enc) :
     Pandoc (>= 1.12.3) not available. Falling back to R Markdown v1.
    Quitting from lines 31-41 (dataset-batch-processing.Rmd)
    Error: processing vignette 'dataset-batch-processing.Rmd' failed with diagnostics:
    there is no package called 'udunits2'
    --- failed re-building ‘dataset-batch-processing.Rmd’
    
    --- re-building ‘dataset-single.Rmd’ using rmarkdown
    Warning in engine$weave(file, quiet = quiet, encoding = enc) :
     Pandoc (>= 1.12.3) not available. Falling back to R Markdown v1.
    --- finished re-building ‘dataset-single.Rmd’
    
    --- re-building ‘package-download.Rmd’ using rmarkdown
    Warning in engine$weave(file, quiet = quiet, encoding = enc) :
     Pandoc (>= 1.12.3) not available. Falling back to R Markdown v1.
    --- finished re-building ‘package-download.Rmd’
    
    --- re-building ‘reading-raster.Rmd’ using rmarkdown
    Warning in engine$weave(file, quiet = quiet, encoding = enc) :
     Pandoc (>= 1.12.3) not available. Falling back to R Markdown v1.
    --- finished re-building ‘reading-raster.Rmd’
    
    SUMMARY: processing the following file failed:
     ‘dataset-batch-processing.Rmd’
    
    Error: Vignette re-building failed.
    Execution halted
Flavors: r-release-macos-arm64, r-release-macos-x86_64