CRAN Package Check Results for Package metadat

Last updated on 2022-01-25 07:50:12 CET.

Flavor Version Tinstall Tcheck Ttotal Status Flags
r-devel-linux-x86_64-debian-clang 1.0-0 4.37 50.08 54.45 OK
r-devel-linux-x86_64-debian-gcc 1.0-0 3.31 38.63 41.94 OK
r-devel-linux-x86_64-fedora-clang 1.0-0 67.87 OK
r-devel-linux-x86_64-fedora-gcc 1.0-0 56.76 OK
r-devel-windows-x86_64-new-UL 1.0-0 152.00 88.00 240.00 OK
r-devel-windows-x86_64-new-TK 1.0-0 NOTE
r-patched-linux-x86_64 1.0-0 4.90 48.04 52.94 OK
r-release-linux-x86_64 1.0-0 3.74 48.04 51.78 OK
r-release-macos-arm64 1.0-0 OK
r-release-macos-x86_64 1.0-0 OK
r-release-windows-ix86+x86_64 1.0-0 9.00 65.00 74.00 OK
r-oldrel-macos-x86_64 1.0-0 OK
r-oldrel-windows-ix86+x86_64 1.0-0 9.00 66.00 75.00 OK

Check Details

Version: 1.0-0
Check: package dependencies
Result: NOTE
    Package suggested but not available for checking: 'lme4'
Flavor: r-devel-windows-x86_64-new-TK