CRAN Package Check Results for Package metaMix

Last updated on 2021-07-24 07:49:31 CEST.

Flavor Version Tinstall Tcheck Ttotal Status Flags
r-devel-linux-x86_64-debian-clang 0.3 15.03 129.13 144.16 OK
r-devel-linux-x86_64-debian-gcc 0.3 11.98 101.37 113.35 OK
r-devel-linux-x86_64-fedora-clang 0.3 189.71 OK
r-devel-linux-x86_64-fedora-gcc 0.3 179.71 OK
r-devel-windows-x86_64 0.3 18.00 110.00 128.00 OK
r-devel-windows-x86_64-gcc10-UCRT 0.3 OK
r-patched-linux-x86_64 0.3 13.96 124.80 138.76 OK
r-patched-solaris-x86 0.3 240.50 OK
r-release-linux-x86_64 0.3 12.41 123.65 136.06 OK
r-release-macos-arm64 0.3 ERROR
r-release-macos-x86_64 0.3 ERROR
r-release-windows-ix86+x86_64 0.3 34.00 136.00 170.00 OK
r-oldrel-macos-x86_64 0.3 ERROR
r-oldrel-windows-ix86+x86_64 0.3 37.00 171.00 208.00 OK

Check Details

Version: 0.3
Check: package dependencies
Result: ERROR
    Package required but not available: ‘Rmpi’
    
    See section ‘The DESCRIPTION file’ in the ‘Writing R Extensions’
    manual.
Flavors: r-release-macos-arm64, r-release-macos-x86_64, r-oldrel-macos-x86_64