CRAN Package Check Results for Package metScanR

Last updated on 2021-09-18 08:50:49 CEST.

Flavor Version Tinstall Tcheck Ttotal Status Flags
r-devel-linux-x86_64-debian-clang 1.2.3 5.01 52.66 57.67 OK
r-devel-linux-x86_64-debian-gcc 1.2.3 4.39 42.22 46.61 OK
r-devel-linux-x86_64-fedora-clang 1.2.3 76.85 NOTE
r-devel-linux-x86_64-fedora-gcc 1.2.3 72.81 NOTE
r-devel-windows-x86_64 1.2.3 7.00 83.00 90.00 OK
r-devel-windows-x86_64-gcc10-UCRT 1.2.3 NOTE
r-patched-linux-x86_64 1.2.3 5.38 51.34 56.72 OK
r-patched-solaris-x86 1.2.3 104.50 NOTE
r-release-linux-x86_64 1.2.3 4.45 51.72 56.17 OK
r-release-macos-arm64 1.2.3 NOTE
r-release-macos-x86_64 1.2.3 NOTE
r-release-windows-ix86+x86_64 1.2.3 13.00 55.00 68.00 OK
r-oldrel-macos-x86_64 1.2.3 NOTE
r-oldrel-windows-ix86+x86_64 1.2.3 14.00 58.00 72.00 OK

Check Details

Version: 1.2.3
Check: dependencies in R code
Result: NOTE
    Namespace in Imports field not imported from: ‘grDevices’
     All declared Imports should be used.
Flavors: r-devel-linux-x86_64-fedora-clang, r-devel-linux-x86_64-fedora-gcc, r-devel-windows-x86_64-gcc10-UCRT, r-patched-solaris-x86, r-release-macos-arm64, r-release-macos-x86_64, r-oldrel-macos-x86_64

Version: 1.2.3
Check: data for non-ASCII characters
Result: NOTE
     Note: found 5 marked UTF-8 strings
Flavors: r-devel-linux-x86_64-fedora-clang, r-devel-linux-x86_64-fedora-gcc, r-devel-windows-x86_64-gcc10-UCRT, r-patched-solaris-x86, r-release-macos-arm64, r-release-macos-x86_64, r-oldrel-macos-x86_64