CRAN Package Check Results for Package meditate

Last updated on 2021-07-31 07:50:48 CEST.

Flavor Version Tinstall Tcheck Ttotal Status Flags
r-devel-linux-x86_64-debian-clang 0.1.3 14.64 29.22 43.86 NOTE
r-devel-linux-x86_64-debian-gcc 0.1.3 12.35 22.85 35.20 NOTE
r-devel-linux-x86_64-fedora-clang 0.1.3 63.37 NOTE
r-devel-linux-x86_64-fedora-gcc 0.1.3 53.72 NOTE
r-devel-windows-x86_64 0.1.3 16.00 51.00 67.00 NOTE
r-devel-windows-x86_64-gcc10-UCRT 0.1.3 NOTE
r-patched-linux-x86_64 0.1.3 NOTE
r-patched-solaris-x86 0.1.3 99.90 NOTE
r-release-linux-x86_64 0.1.3 13.34 28.10 41.44 NOTE
r-release-macos-arm64 0.1.3 NOTE
r-release-macos-x86_64 0.1.3 NOTE
r-release-windows-ix86+x86_64 0.1.3 22.00 40.00 62.00 NOTE
r-oldrel-macos-x86_64 0.1.3 OK
r-oldrel-windows-ix86+x86_64 0.1.3 19.00 51.00 70.00 OK

Check Details

Version: 0.1.3
Check: LazyData
Result: NOTE
     'LazyData' is specified without a 'data' directory
     'LazyDataCompression' is specified without a 'data' directory
Flavors: r-devel-linux-x86_64-debian-clang, r-devel-linux-x86_64-debian-gcc, r-devel-linux-x86_64-fedora-clang, r-devel-linux-x86_64-fedora-gcc, r-devel-windows-x86_64, r-devel-windows-x86_64-gcc10-UCRT, r-patched-linux-x86_64, r-patched-solaris-x86, r-release-linux-x86_64, r-release-macos-arm64, r-release-macos-x86_64, r-release-windows-ix86+x86_64