CRAN Package Check Results for Package mcvis

Last updated on 2021-09-22 07:51:25 CEST.

Flavor Version Tinstall Tcheck Ttotal Status Flags
r-devel-linux-x86_64-debian-clang 1.0.8 6.29 85.40 91.69 OK
r-devel-linux-x86_64-debian-gcc 1.0.8 5.45 64.03 69.48 OK
r-devel-linux-x86_64-fedora-clang 1.0.8 116.95 OK
r-devel-linux-x86_64-fedora-gcc 1.0.8 104.21 OK
r-devel-windows-x86_64 1.0.8 8.00 80.00 88.00 OK
r-devel-windows-x86_64-gcc10-UCRT 1.0.8 ERROR
r-patched-linux-x86_64 1.0.8 5.82 78.26 84.08 OK
r-patched-solaris-x86 1.0.8 159.80 OK
r-release-linux-x86_64 1.0.8 6.68 78.66 85.34 OK
r-release-macos-arm64 1.0.8 OK
r-release-macos-x86_64 1.0.8 OK
r-release-windows-ix86+x86_64 1.0.8 19.00 75.00 94.00 OK
r-oldrel-macos-x86_64 1.0.8 OK
r-oldrel-windows-ix86+x86_64 1.0.8 14.00 77.00 91.00 OK

Check Details

Version: 1.0.8
Check: package dependencies
Result: ERROR
    Package required but not available: 'igraph'
    
    See section 'The DESCRIPTION file' in the 'Writing R Extensions'
    manual.
Flavor: r-devel-windows-x86_64-gcc10-UCRT