CRAN Package Check Results for Package mcprofile

Last updated on 2021-08-02 07:51:54 CEST.

Flavor Version Tinstall Tcheck Ttotal Status Flags
r-devel-linux-x86_64-debian-clang 1.0-1 5.56 81.73 87.29 OK
r-devel-linux-x86_64-debian-gcc 1.0-1 4.32 59.92 64.24 OK
r-devel-linux-x86_64-fedora-clang 1.0-1 109.32 OK
r-devel-linux-x86_64-fedora-gcc 1.0-1 97.58 OK
r-devel-windows-x86_64 1.0-1 8.00 103.00 111.00 OK
r-devel-windows-x86_64-gcc10-UCRT 1.0-1 OK
r-patched-linux-x86_64 1.0-1 OK
r-patched-solaris-x86 1.0-1 137.60 OK
r-release-linux-x86_64 1.0-1 4.80 75.68 80.48 OK
r-release-macos-arm64 1.0-1 WARN
r-release-macos-x86_64 1.0-1 OK
r-release-windows-ix86+x86_64 1.0-1 14.00 120.00 134.00 OK
r-oldrel-macos-x86_64 1.0-1 OK
r-oldrel-windows-ix86+x86_64 1.0-1 13.00 101.00 114.00 OK

Check Details

Version: 1.0-1
Check: re-building of vignette outputs
Result: WARN
    Error(s) in re-building vignettes:
     ...
    --- re-building ‘mcprofile.Rmd’ using knitr
    Loading required package: ggplot2
    Quitting from lines 111-119 (mcprofile.Rmd)
    Error: processing vignette 'mcprofile.Rmd' failed with diagnostics:
    polygon edge not found
    --- failed re-building ‘mcprofile.Rmd’
    
    SUMMARY: processing the following file failed:
     ‘mcprofile.Rmd’
    
    Error: Vignette re-building failed.
    Execution halted
Flavor: r-release-macos-arm64