CRAN Package Check Results for Package mcmcsae

Last updated on 2021-08-03 07:54:30 CEST.

Flavor Version Tinstall Tcheck Ttotal Status Flags
r-devel-linux-x86_64-debian-clang 0.6.0 106.98 269.01 375.99 OK
r-devel-linux-x86_64-debian-gcc 0.6.0 78.08 201.35 279.43 OK
r-devel-linux-x86_64-fedora-clang 0.6.0 478.26 NOTE
r-devel-linux-x86_64-fedora-gcc 0.6.0 459.86 OK
r-devel-windows-x86_64 0.6.0 90.00 333.00 423.00 OK
r-devel-windows-x86_64-gcc10-UCRT 0.6.0 OK
r-patched-linux-x86_64 0.6.0 87.97 260.54 348.51 OK
r-patched-solaris-x86 0.6.0 594.20 OK
r-release-linux-x86_64 0.6.0 84.58 260.06 344.64 OK
r-release-macos-arm64 0.6.0 NOTE
r-release-macos-x86_64 0.6.0 NOTE
r-release-windows-ix86+x86_64 0.6.0 221.00 452.00 673.00 OK
r-oldrel-macos-x86_64 0.6.0 NOTE
r-oldrel-windows-ix86+x86_64 0.6.0 169.00 458.00 627.00 OK

Check Details

Version: 0.6.0
Check: installed package size
Result: NOTE
     installed size is 13.2Mb
     sub-directories of 1Mb or more:
     libs 11.9Mb
Flavors: r-devel-linux-x86_64-fedora-clang, r-release-macos-arm64, r-release-macos-x86_64, r-oldrel-macos-x86_64