CRAN Package Check Results for Package mcMST

Last updated on 2022-08-12 07:53:19 CEST.

Flavor Version Tinstall Tcheck Ttotal Status Flags
r-devel-linux-x86_64-debian-clang 1.0.1 15.02 157.93 172.95 NOTE
r-devel-linux-x86_64-debian-gcc 1.0.1 12.85 116.12 128.97 NOTE
r-devel-linux-x86_64-fedora-clang 1.0.1 210.76 NOTE
r-devel-linux-x86_64-fedora-gcc 1.0.1 206.33 NOTE
r-devel-windows-x86_64 1.0.1 27.00 176.00 203.00 NOTE
r-patched-linux-x86_64 1.0.1 16.65 163.82 180.47 NOTE
r-release-linux-x86_64 1.0.1 16.68 164.65 181.33 NOTE
r-release-macos-arm64 1.0.1 92.00 NOTE
r-release-macos-x86_64 1.0.1 177.00 NOTE
r-release-windows-x86_64 1.0.1 26.00 171.00 197.00 NOTE
r-oldrel-macos-arm64 1.0.1 139.00 NOTE
r-oldrel-macos-x86_64 1.0.1 142.00 NOTE
r-oldrel-windows-ix86+x86_64 1.0.1 50.00 168.00 218.00 NOTE

Check Details

Version: 1.0.1
Check: LazyData
Result: NOTE
     'LazyData' is specified without a 'data' directory
Flavors: r-devel-linux-x86_64-debian-clang, r-devel-linux-x86_64-debian-gcc, r-devel-linux-x86_64-fedora-clang, r-devel-linux-x86_64-fedora-gcc, r-devel-windows-x86_64, r-patched-linux-x86_64, r-release-linux-x86_64, r-release-macos-arm64, r-release-macos-x86_64, r-release-windows-x86_64, r-oldrel-macos-arm64, r-oldrel-macos-x86_64, r-oldrel-windows-ix86+x86_64

Version: 1.0.1
Check: dependencies in R code
Result: NOTE
    Namespaces in Imports field not imported from:
     ‘parallelMap’ ‘reshape2’
     All declared Imports should be used.
Flavors: r-devel-linux-x86_64-fedora-clang, r-devel-linux-x86_64-fedora-gcc, r-release-macos-arm64, r-release-macos-x86_64, r-oldrel-macos-arm64, r-oldrel-macos-x86_64