CRAN Package Check Results for Package mbr

Last updated on 2021-07-31 07:50:48 CEST.

Flavor Version Tinstall Tcheck Ttotal Status Flags
r-devel-linux-x86_64-debian-clang 0.0.1 10.16 95.21 105.37 OK
r-devel-linux-x86_64-debian-gcc 0.0.1 7.82 70.40 78.22 OK
r-devel-linux-x86_64-fedora-clang 0.0.1 132.76 NOTE
r-devel-linux-x86_64-fedora-gcc 0.0.1 118.82 NOTE
r-devel-windows-x86_64 0.0.1 11.00 115.00 126.00 OK
r-devel-windows-x86_64-gcc10-UCRT 0.0.1 NOTE
r-patched-linux-x86_64 0.0.1 OK
r-patched-solaris-x86 0.0.1 195.30 NOTE
r-release-linux-x86_64 0.0.1 8.61 89.48 98.09 OK
r-release-macos-arm64 0.0.1 NOTE
r-release-macos-x86_64 0.0.1 NOTE
r-release-windows-ix86+x86_64 0.0.1 20.00 121.00 141.00 OK
r-oldrel-macos-x86_64 0.0.1 NOTE
r-oldrel-windows-ix86+x86_64 0.0.1 16.00 117.00 133.00 OK

Check Details

Version: 0.0.1
Check: dependencies in R code
Result: NOTE
    Namespace in Imports field not imported from: ‘MASS’
     All declared Imports should be used.
Flavors: r-devel-linux-x86_64-fedora-clang, r-devel-linux-x86_64-fedora-gcc, r-devel-windows-x86_64-gcc10-UCRT, r-patched-solaris-x86, r-release-macos-arm64, r-release-macos-x86_64, r-oldrel-macos-x86_64